{"id":946,"date":"2010-05-24T10:29:29","date_gmt":"2010-05-24T09:29:29","guid":{"rendered":"http:\/\/www.kdfjm.si\/?page_id=946"},"modified":"2015-10-11T21:29:46","modified_gmt":"2015-10-11T20:29:46","slug":"kraljeva-kapelica-v-loki","status":"publish","type":"page","link":"https:\/\/www.kdfjm.si\/?page_id=946","title":{"rendered":"Kraljeva kapelica v Loki"},"content":{"rendered":"<div id=\"_mcePaste\">V jugozahodnem delu kri\u017ei\u0161\u010da cest, ki vodita iz Loke proti Trzinu in od glavne ceste Menge\u0161&#8211;Trzin proti gradu Jablje, stoji Kraljeva ali Malnova kapelica (Malnova zato, ker je bil nekdaj pri Kralju mlin).<\/div>\n<div>Ni nam znano, kdaj so na tem mestu prvi\u010d postavili znamenje in kak\u0161en je bil njegov namen. Gotovo pa je tu stala kapelica \u017ee v 18. stoletju, saj je vrisana v staro voja\u0161ko specialko: Josephinische Landesaufnahme 1763&#8211;1787. Zgrajena je bila iz skal, skoraj kvadratnega tlorisa, vendar manj\u0161a od dana\u0161nje in pokrita s skrilavci, kar smo ugotovili ob za\u010dasni prestavitvi zdaj\u0161nje kapelice. Tedanji kapelici so rekli, kakor je zapisano v trzinski \u017eupnijski kroniki, Vovkovo znamenje.<\/div>\n<div id=\"_mcePaste\">Sedanjo, docela na novo pozidano kapelico so dali postaviti Kraljevi po prvi svetovni vojni. Zgradil jo je njihov sorodnik, stavbenik Matev\u017e Ho\u010devar iz Loke, in se s svojim znakom na zunanji steni apside tudi podpisal.<\/div>\n<div id=\"_mcePaste\">Kapelica je zaprtega tipa, pravokotnega tlorisa in s polkro\u017eno apsido polmera 68 cm, \u0161iroka je 225 cm, dolga 195 cm in visoka 645 cm. \u0160tirje slopi so povezani s kri\u017eno obokano kupolo, opasano z mo\u010dno raz\u010dlenjenim zunanjim betonskim vencem. Vhodna sprednja stran je zaprta z zastekljeno leseno steno z vrati in polkro\u017eno nadsvetlobo s prav tako polkro\u017enim oknom. Na sprednji strani je zna\u010dilen trikotni zatrep. Ostre\u0161je je leseno, streha pa plo\u010devinasta in piramidalne oblike z nekoliko uslo\u010denimi stranicami. V sprednjo stranico je z \u017elotama elegantno vdelana strehica, ki pokriva zatrep, zadnja zahodna stran z apsido pa je zaklju\u010dena s polsto\u017e\u010dasto strehico. Vrh strehe je ozka in visoka \u0161tiristrana piramida, ki prehaja v simetri\u010dno dvojnozvon\u010dasto kroglo z visokim kri\u017eem, ki ima deteljaste zaklju\u010dke in \u017earke.<\/div>\n<div id=\"_mcePaste\">Severna in ju\u017ena stran med slopi je pozidana. Nad nizkim 35 cm podstavkom je 105 cm visok parapet in nad njim bogata poslikava. Proti severu je upodobljen menge\u0161ki \u017eupnijski zavetnik sv. nadangel Mihael po izvrstni predlogi italijanskega slikarja Guida Renija, na ju\u017eni strani pa je po nam neznanem avtorju naslikan sv. Florjan, ki gasi trzinsko cerkev. Zgornje slavolo\u010dne partije so poslikane s klasi\u010dnim ornamentom. Zunanj\u0161\u010dino je leta 1924 poslikal Franc Mr\u010dun iz Bi\u0161\u010d (1881&#8211;1937) (Stane Stra\u017ear, Menge\u0161 in Trzin skozi \u010das, 1993; \u017dupnijska kronika). Od slik se je deloma ohranila v sve\u017eo malto vtisnjena risba. Zadnji, ki je popravljal poslikavo, je bil Andrej Perne iz Trzina.<\/div>\n<div id=\"_mcePaste\">Notranjost kapelice je leta 1935 razko\u0161no poslikal Stane \u010cad iz Dom\u017eal. Na levi strani je upodobil sv. Ano z Marijo in na desni sv. Jo\u017eefa z Detetom Jezusom. Obe sliki sta nad parapetom v narisanem okvirju in signirani. Na levi je s \u010dopi\u010dem napisano \u010cad Stane, na desni sliki v desnem spodnjem kotu pa \u010cad Stane 27. 6. 1935 Dom\u017eale. V \u010dasu, ko je slikal notranjost kapelice je Stane \u010cad prebival pr&#8217; Jakov Met. Med drugo svetovno vojno je bil ubit kot talec v Dragi. Slavolo\u010dni steni nad slikama sta okra\u0161eni s temno rjavimi stiliziranimi rastlinskimi ornamenti na svetlej\u0161i podlagi.<\/div>\n<div id=\"_mcePaste\">Zadnja slopa sta pobarvana rjavo z rjavkastimi marmoriranimi polnili. Strop je sinjemoder. Apsida je okra\u0161ena kakor tron z naslikano te\u017eko bar\u017eunasto nagubano draperijo, ki polkro\u017eni prostor navidez deli v tri dele, pri \u010demer je osrednji del namenjen Marijinemu kipu. Tudi polkupolasti zaklju\u010dek apside je slikar razdelil na tri polja in jih okrasil s stiliziranimi cvetlicami. Na slavoloku je upodobljen Marijin simbol &#8212; gore\u010de \u010disto srce, prebodeno z me\u010dem bridkosti. Kip Marije, milosti polne, izdelan iz umetnega kamna, je delo Franca Ksaverja Ton\u010di\u010da (1865&#8211;1915), kiparja iz Kamnika. Franc Mu\u0161i\u010d Pavov mi je povedal, da je Marijin kip iz trzinske cerkve v veliki procesiji pripeljal njegov stari o\u010de Janez Mu\u0161i\u010d s parom konj, ki so bili prav za to prilo\u017enost opremljeni z novo konjsko opremo, ki jo pri Pavu \u0161e vedno hranijo.<\/div>\n<div id=\"_mcePaste\">Ob bo\u017ei\u010du doma\u010dini postavijo v kapelici jaslice. Ljudje tu pogosto pri\u017egejo sve\u010de, da po\u010dastijo Marijo in se ji zahvalijo za vse dobro, ki so ga dele\u017eni, ali se priporo\u010dijo v razli\u010dnih stiskah in potrebah..<\/div>\n<div id=\"_mcePaste\">Tudi Kraljeva kapelica je do\u017eivela povojno nestrpnost. Dne 22. decembra 1949 so jo na jabeljskem gradu stanujo\u010di \u010dastniki oskrunili &#8212; vlomili so vanjo in razbili oba angela. Podrli so tudi Jafa\u010denkov kri\u017e in po\u0161kodovali Metin kri\u017e. Franc Mu\u0161i\u010d Bla\u017eev in doma\u010di so jim prepre\u010dili nadaljnje pusto\u0161enje kapelice in umaknili Marijin kip do leta 1950, ko so \u010dastniki dokon\u010dno zapustili grad.<\/div>\n<div><div class=\"slideshow\"><div id=\"ngg_slideshow1239461\" class=\"ngg-slideshow owl-carousel\" style=\"max-width: px; max-height: px;\"><img data-recalc-dims=\"1\" decoding=\"async\" src=\"https:\/\/i0.wp.com\/www.kdfjm.si\/wp-content\/gallery\/2010-kraljeva-kapelica-v-loki\/20100522-P10_5841.jpg?ssl=1\" alt=\"20100522-P10_5841\" style=\"max-width: px; max-height: px; width: auto; height:auto; margin:auto\"><img data-recalc-dims=\"1\" decoding=\"async\" src=\"https:\/\/i0.wp.com\/www.kdfjm.si\/wp-content\/gallery\/2010-kraljeva-kapelica-v-loki\/20100522-P10_5842.jpg?ssl=1\" alt=\"20100522-P10_5842\" style=\"max-width: px; max-height: px; width: auto; height:auto; margin:auto\"><img data-recalc-dims=\"1\" decoding=\"async\" src=\"https:\/\/i0.wp.com\/www.kdfjm.si\/wp-content\/gallery\/2010-kraljeva-kapelica-v-loki\/20100522-P10_5845.jpg?ssl=1\" alt=\"20100522-P10_5845\" style=\"max-width: px; max-height: px; width: auto; height:auto; margin:auto\"><img data-recalc-dims=\"1\" decoding=\"async\" src=\"https:\/\/i0.wp.com\/www.kdfjm.si\/wp-content\/gallery\/2010-kraljeva-kapelica-v-loki\/20100522-P10_5847.jpg?ssl=1\" alt=\"20100522-P10_5847\" style=\"max-width: px; max-height: px; width: auto; height:auto; margin:auto\"><img data-recalc-dims=\"1\" decoding=\"async\" src=\"https:\/\/i0.wp.com\/www.kdfjm.si\/wp-content\/gallery\/2010-kraljeva-kapelica-v-loki\/20100522-P10_5850.jpg?ssl=1\" alt=\"20100522-P10_5850\" style=\"max-width: px; max-height: px; width: auto; height:auto; margin:auto\"><img data-recalc-dims=\"1\" decoding=\"async\" src=\"https:\/\/i0.wp.com\/www.kdfjm.si\/wp-content\/gallery\/2010-kraljeva-kapelica-v-loki\/20100522-P10_5855.jpg?ssl=1\" alt=\"20100522-P10_5855\" style=\"max-width: px; max-height: px; width: auto; height:auto; margin:auto\"><img data-recalc-dims=\"1\" decoding=\"async\" src=\"https:\/\/i0.wp.com\/www.kdfjm.si\/wp-content\/gallery\/2010-kraljeva-kapelica-v-loki\/20100522-P10_5856.jpg?ssl=1\" alt=\"20100522-P10_5856\" style=\"max-width: px; max-height: px; width: auto; height:auto; margin:auto\"><img data-recalc-dims=\"1\" decoding=\"async\" src=\"https:\/\/i0.wp.com\/www.kdfjm.si\/wp-content\/gallery\/2010-kraljeva-kapelica-v-loki\/20100522-P10_5858.jpg?ssl=1\" alt=\"20100522-P10_5858\" style=\"max-width: px; max-height: px; width: auto; height:auto; margin:auto\"><img data-recalc-dims=\"1\" decoding=\"async\" src=\"https:\/\/i0.wp.com\/www.kdfjm.si\/wp-content\/gallery\/2010-kraljeva-kapelica-v-loki\/20100522-P10_5861.jpg?ssl=1\" alt=\"20100522-P10_5861\" style=\"max-width: px; max-height: px; width: auto; height:auto; margin:auto\"><img data-recalc-dims=\"1\" decoding=\"async\" src=\"https:\/\/i0.wp.com\/www.kdfjm.si\/wp-content\/gallery\/2010-kraljeva-kapelica-v-loki\/20100522-P10_5864.jpg?ssl=1\" alt=\"20100522-P10_5864\" style=\"max-width: px; max-height: px; width: auto; height:auto; margin:auto\"><img data-recalc-dims=\"1\" decoding=\"async\" src=\"https:\/\/i0.wp.com\/www.kdfjm.si\/wp-content\/gallery\/2010-kraljeva-kapelica-v-loki\/20100522-P10_5865.jpg?ssl=1\" alt=\"20100522-P10_5865\" style=\"max-width: px; max-height: px; width: auto; height:auto; margin:auto\"><img data-recalc-dims=\"1\" decoding=\"async\" src=\"https:\/\/i0.wp.com\/www.kdfjm.si\/wp-content\/gallery\/2010-kraljeva-kapelica-v-loki\/20100522-P10_5870.jpg?ssl=1\" alt=\"20100522-P10_5870\" style=\"max-width: px; max-height: px; width: auto; height:auto; margin:auto\"><img data-recalc-dims=\"1\" decoding=\"async\" src=\"https:\/\/i0.wp.com\/www.kdfjm.si\/wp-content\/gallery\/2010-kraljeva-kapelica-v-loki\/20100522-P10_5873.jpg?ssl=1\" alt=\"20100522-P10_5873\" style=\"max-width: px; max-height: px; width: auto; height:auto; margin:auto\"><img data-recalc-dims=\"1\" decoding=\"async\" src=\"https:\/\/i0.wp.com\/www.kdfjm.si\/wp-content\/gallery\/2010-kraljeva-kapelica-v-loki\/20100522-P10_5875.jpg?ssl=1\" alt=\"20100522-P10_5875\" style=\"max-width: px; max-height: px; width: auto; height:auto; margin:auto\"><img data-recalc-dims=\"1\" decoding=\"async\" src=\"https:\/\/i0.wp.com\/www.kdfjm.si\/wp-content\/gallery\/2010-kraljeva-kapelica-v-loki\/20100522-P10_5876.jpg?ssl=1\" alt=\"20100522-P10_5876\" style=\"max-width: px; max-height: px; width: auto; height:auto; margin:auto\"><img data-recalc-dims=\"1\" decoding=\"async\" src=\"https:\/\/i0.wp.com\/www.kdfjm.si\/wp-content\/gallery\/2010-kraljeva-kapelica-v-loki\/20100522-P10_5880.jpg?ssl=1\" alt=\"20100522-P10_5880\" style=\"max-width: px; max-height: px; width: auto; height:auto; margin:auto\"><img data-recalc-dims=\"1\" decoding=\"async\" src=\"https:\/\/i0.wp.com\/www.kdfjm.si\/wp-content\/gallery\/2010-kraljeva-kapelica-v-loki\/20100522-P10_5882.jpg?ssl=1\" alt=\"20100522-P10_5882\" style=\"max-width: px; max-height: px; width: auto; height:auto; margin:auto\"><img data-recalc-dims=\"1\" decoding=\"async\" src=\"https:\/\/i0.wp.com\/www.kdfjm.si\/wp-content\/gallery\/2010-kraljeva-kapelica-v-loki\/20100522-P10_5886.jpg?ssl=1\" alt=\"20100522-P10_5886\" style=\"max-width: px; max-height: px; width: auto; height:auto; margin:auto\"><img data-recalc-dims=\"1\" decoding=\"async\" src=\"https:\/\/i0.wp.com\/www.kdfjm.si\/wp-content\/gallery\/2010-kraljeva-kapelica-v-loki\/20100522-P10_5890.jpg?ssl=1\" alt=\"20100522-P10_5890\" style=\"max-width: px; max-height: px; width: auto; height:auto; margin:auto\"><img data-recalc-dims=\"1\" decoding=\"async\" src=\"https:\/\/i0.wp.com\/www.kdfjm.si\/wp-content\/gallery\/2010-kraljeva-kapelica-v-loki\/20100522-P10_5894.jpg?ssl=1\" alt=\"20100522-P10_5894\" style=\"max-width: px; max-height: px; width: auto; height:auto; margin:auto\"><img data-recalc-dims=\"1\" decoding=\"async\" src=\"https:\/\/i0.wp.com\/www.kdfjm.si\/wp-content\/gallery\/2010-kraljeva-kapelica-v-loki\/20100522-P10_5898.jpg?ssl=1\" alt=\"20100522-P10_5898\" style=\"max-width: px; max-height: px; width: auto; height:auto; margin:auto\"><img data-recalc-dims=\"1\" decoding=\"async\" src=\"https:\/\/i0.wp.com\/www.kdfjm.si\/wp-content\/gallery\/2010-kraljeva-kapelica-v-loki\/20100522-P10_5900.jpg?ssl=1\" alt=\"20100522-P10_5900\" style=\"max-width: px; max-height: px; width: auto; height:auto; margin:auto\"><img data-recalc-dims=\"1\" decoding=\"async\" src=\"https:\/\/i0.wp.com\/www.kdfjm.si\/wp-content\/gallery\/2010-kraljeva-kapelica-v-loki\/20100522-P10_5902.jpg?ssl=1\" alt=\"20100522-P10_5902\" style=\"max-width: px; max-height: px; width: auto; height:auto; margin:auto\"><img data-recalc-dims=\"1\" decoding=\"async\" src=\"https:\/\/i0.wp.com\/www.kdfjm.si\/wp-content\/gallery\/2010-kraljeva-kapelica-v-loki\/20100522-P10_5907.jpg?ssl=1\" alt=\"20100522-P10_5907\" style=\"max-width: px; max-height: px; width: auto; height:auto; margin:auto\"><img data-recalc-dims=\"1\" decoding=\"async\" src=\"https:\/\/i0.wp.com\/www.kdfjm.si\/wp-content\/gallery\/2010-kraljeva-kapelica-v-loki\/20100522-P10_5915.jpg?ssl=1\" alt=\"20100522-P10_5915\" style=\"max-width: px; max-height: px; width: auto; height:auto; margin:auto\"><img data-recalc-dims=\"1\" decoding=\"async\" src=\"https:\/\/i0.wp.com\/www.kdfjm.si\/wp-content\/gallery\/2010-kraljeva-kapelica-v-loki\/20100522-P10_5918.jpg?ssl=1\" alt=\"20100522-P10_5918\" style=\"max-width: px; max-height: px; width: auto; height:auto; margin:auto\"><img data-recalc-dims=\"1\" decoding=\"async\" src=\"https:\/\/i0.wp.com\/www.kdfjm.si\/wp-content\/gallery\/2010-kraljeva-kapelica-v-loki\/20100522-P10_5922.jpg?ssl=1\" alt=\"20100522-P10_5922\" style=\"max-width: px; max-height: px; width: auto; height:auto; margin:auto\"><img data-recalc-dims=\"1\" decoding=\"async\" src=\"https:\/\/i0.wp.com\/www.kdfjm.si\/wp-content\/gallery\/2010-kraljeva-kapelica-v-loki\/20100522-P10_5925.jpg?ssl=1\" alt=\"20100522-P10_5925\" style=\"max-width: px; max-height: px; width: auto; height:auto; margin:auto\"><img data-recalc-dims=\"1\" decoding=\"async\" src=\"https:\/\/i0.wp.com\/www.kdfjm.si\/wp-content\/gallery\/2010-kraljeva-kapelica-v-loki\/20100522-P10_5939.jpg?ssl=1\" alt=\"20100522-P10_5939\" style=\"max-width: px; max-height: px; width: auto; height:auto; margin:auto\"><img data-recalc-dims=\"1\" decoding=\"async\" src=\"https:\/\/i0.wp.com\/www.kdfjm.si\/wp-content\/gallery\/2010-kraljeva-kapelica-v-loki\/20100522-P10_5943.jpg?ssl=1\" alt=\"20100522-P10_5943\" style=\"max-width: px; max-height: px; width: auto; height:auto; margin:auto\"><img data-recalc-dims=\"1\" decoding=\"async\" src=\"https:\/\/i0.wp.com\/www.kdfjm.si\/wp-content\/gallery\/2010-kraljeva-kapelica-v-loki\/20100522-P10_5948.jpg?ssl=1\" alt=\"20100522-P10_5948\" style=\"max-width: px; max-height: px; width: auto; height:auto; margin:auto\"><img data-recalc-dims=\"1\" decoding=\"async\" src=\"https:\/\/i0.wp.com\/www.kdfjm.si\/wp-content\/gallery\/2010-kraljeva-kapelica-v-loki\/20100522-P10_5952.jpg?ssl=1\" alt=\"20100522-P10_5952\" style=\"max-width: px; max-height: px; width: auto; height:auto; margin:auto\"><img data-recalc-dims=\"1\" decoding=\"async\" src=\"https:\/\/i0.wp.com\/www.kdfjm.si\/wp-content\/gallery\/2010-kraljeva-kapelica-v-loki\/20100522-P10_5955.jpg?ssl=1\" alt=\"20100522-P10_5955\" style=\"max-width: px; max-height: px; width: auto; height:auto; margin:auto\"><img data-recalc-dims=\"1\" decoding=\"async\" src=\"https:\/\/i0.wp.com\/www.kdfjm.si\/wp-content\/gallery\/2010-kraljeva-kapelica-v-loki\/20100522-P10_5959.jpg?ssl=1\" alt=\"20100522-P10_5959\" style=\"max-width: px; max-height: px; width: auto; height:auto; margin:auto\"><img data-recalc-dims=\"1\" decoding=\"async\" src=\"https:\/\/i0.wp.com\/www.kdfjm.si\/wp-content\/gallery\/2010-kraljeva-kapelica-v-loki\/20100522-P10_5963.jpg?ssl=1\" alt=\"20100522-P10_5963\" style=\"max-width: px; max-height: px; width: auto; height:auto; margin:auto\"><img data-recalc-dims=\"1\" decoding=\"async\" src=\"https:\/\/i0.wp.com\/www.kdfjm.si\/wp-content\/gallery\/2010-kraljeva-kapelica-v-loki\/20100522-P10_5967.jpg?ssl=1\" alt=\"20100522-P10_5967\" style=\"max-width: px; max-height: px; width: auto; height:auto; margin:auto\"><img data-recalc-dims=\"1\" decoding=\"async\" src=\"https:\/\/i0.wp.com\/www.kdfjm.si\/wp-content\/gallery\/2010-kraljeva-kapelica-v-loki\/20100522-P10_5973.jpg?ssl=1\" alt=\"20100522-P10_5973\" style=\"max-width: px; max-height: px; width: auto; height:auto; margin:auto\"><img data-recalc-dims=\"1\" decoding=\"async\" src=\"https:\/\/i0.wp.com\/www.kdfjm.si\/wp-content\/gallery\/2010-kraljeva-kapelica-v-loki\/20100522-P10_5976.jpg?ssl=1\" alt=\"20100522-P10_5976\" style=\"max-width: px; max-height: px; width: auto; height:auto; margin:auto\"><img data-recalc-dims=\"1\" decoding=\"async\" src=\"https:\/\/i0.wp.com\/www.kdfjm.si\/wp-content\/gallery\/2010-kraljeva-kapelica-v-loki\/20100522-P10_5979.jpg?ssl=1\" alt=\"20100522-P10_5979\" style=\"max-width: px; max-height: px; width: auto; height:auto; margin:auto\"><img data-recalc-dims=\"1\" decoding=\"async\" src=\"https:\/\/i0.wp.com\/www.kdfjm.si\/wp-content\/gallery\/2010-kraljeva-kapelica-v-loki\/20100522-P10_5981.jpg?ssl=1\" alt=\"20100522-P10_5981\" style=\"max-width: px; max-height: px; width: auto; height:auto; margin:auto\"><img data-recalc-dims=\"1\" decoding=\"async\" src=\"https:\/\/i0.wp.com\/www.kdfjm.si\/wp-content\/gallery\/2010-kraljeva-kapelica-v-loki\/20100522-P10_5984.jpg?ssl=1\" alt=\"20100522-P10_5984\" style=\"max-width: px; max-height: px; width: auto; height:auto; margin:auto\"><img data-recalc-dims=\"1\" decoding=\"async\" src=\"https:\/\/i0.wp.com\/www.kdfjm.si\/wp-content\/gallery\/2010-kraljeva-kapelica-v-loki\/20100522-P10_5987.jpg?ssl=1\" alt=\"20100522-P10_5987\" style=\"max-width: px; max-height: px; width: auto; height:auto; margin:auto\"><img data-recalc-dims=\"1\" decoding=\"async\" src=\"https:\/\/i0.wp.com\/www.kdfjm.si\/wp-content\/gallery\/2010-kraljeva-kapelica-v-loki\/20100522-P10_5991.jpg?ssl=1\" alt=\"20100522-P10_5991\" style=\"max-width: px; max-height: px; width: auto; height:auto; margin:auto\"><img data-recalc-dims=\"1\" decoding=\"async\" src=\"https:\/\/i0.wp.com\/www.kdfjm.si\/wp-content\/gallery\/2010-kraljeva-kapelica-v-loki\/20100522-P10_6000.jpg?ssl=1\" alt=\"20100522-P10_6000\" style=\"max-width: px; max-height: px; width: auto; height:auto; margin:auto\"><img data-recalc-dims=\"1\" decoding=\"async\" src=\"https:\/\/i0.wp.com\/www.kdfjm.si\/wp-content\/gallery\/2010-kraljeva-kapelica-v-loki\/20100522-P10_6007.jpg?ssl=1\" alt=\"20100522-P10_6007\" style=\"max-width: px; max-height: px; width: auto; height:auto; margin:auto\"><img data-recalc-dims=\"1\" decoding=\"async\" src=\"https:\/\/i0.wp.com\/www.kdfjm.si\/wp-content\/gallery\/2010-kraljeva-kapelica-v-loki\/20100522-P10_6020.jpg?ssl=1\" alt=\"20100522-P10_6020\" style=\"max-width: px; max-height: px; width: auto; height:auto; margin:auto\"><img data-recalc-dims=\"1\" decoding=\"async\" src=\"https:\/\/i0.wp.com\/www.kdfjm.si\/wp-content\/gallery\/2010-kraljeva-kapelica-v-loki\/20100522-P10_6021.jpg?ssl=1\" alt=\"20100522-P10_6021\" style=\"max-width: px; max-height: px; width: auto; height:auto; margin:auto\"><img data-recalc-dims=\"1\" decoding=\"async\" src=\"https:\/\/i0.wp.com\/www.kdfjm.si\/wp-content\/gallery\/2010-kraljeva-kapelica-v-loki\/20100522-P10_6023.jpg?ssl=1\" alt=\"20100522-P10_6023\" style=\"max-width: px; max-height: px; width: auto; height:auto; margin:auto\"><img data-recalc-dims=\"1\" decoding=\"async\" src=\"https:\/\/i0.wp.com\/www.kdfjm.si\/wp-content\/gallery\/2010-kraljeva-kapelica-v-loki\/20100522-P10_6024.jpg?ssl=1\" alt=\"20100522-P10_6024\" style=\"max-width: px; max-height: px; width: auto; height:auto; margin:auto\"><img data-recalc-dims=\"1\" decoding=\"async\" src=\"https:\/\/i0.wp.com\/www.kdfjm.si\/wp-content\/gallery\/2010-kraljeva-kapelica-v-loki\/20100522-P10_6027.jpg?ssl=1\" alt=\"20100522-P10_6027\" style=\"max-width: px; max-height: px; width: auto; height:auto; margin:auto\"><\/div><\/div>\n\n<script type=\"text\/javascript\">jQuery(document).ready(function($) {\r\n\t\t\tvar owl = $('#ngg_slideshow1239461');\r\n\t\t\towl.owlCarousel({\r\n\t\t\t\titems: 1,\r\n\t\t\t\tautoHeight: false,\r\n\t            dots: true,\r\n\t            autoplay: true,\r\n\t\t\t\tautoplayTimeout: 3000,\r\n\t\t\t\tautoplayHoverPause: true,\r\n\t\t\t\tanimateIn: 'fadeIn',\r\n\t\t\t\tanimateOut: 'fadeOut',\r\n\t\t\t\tloop: true,\r\n\t\t\t\tmouseDrag: true,\r\n\t\t\t\ttouchDrag: true\r\n\t\t\t});\nowl.click( function () {\r\n                    owl.trigger( 'next.owl.carousel' );\r\n                } );});\n<\/script><\/div>\n<div id=\"_mcePaste\"><strong>SANACIJA IN OBNOVA<\/strong><\/div>\n<div id=\"_mcePaste\"><strong>Kratek opis stanja pred obnovo:<\/strong><\/div>\n<div id=\"_mcePaste\">Kapelica je bila na splo\u0161no slabega videza. Na vi\u0161ini 350 cm je bila nagnjena za 21 cm in spredaj 20 cm zasuta. Omet sprednjih slopov je odpadel, razpadal je tudi \u017ee ope\u010dni zid. Poslikava ni bila ve\u010d vidna, delno je bila ohranjena le risba na zunanji strani. Marmorirani deli slopov so odpadli in poslikava je bila zaradi vlage precej na\u010deta. \u017delezna vez je bila dotrajana. Ostre\u0161je in pocinkana plo\u010devina sta bila mo\u010dno na\u010deta in preperela. Sprednja zastekljena lesena stena je bila deformirana in vrata so se slabo zapirala. Betonski tlak v notranjosti je bil nalomljen in dvignjen. Ometi so bili prepereli in mo\u010dno vla\u017eni, posebno podstavek za oltar. Lesena oltarna miza je popolnoma strohnela. Elektri\u010dna napeljava je bila izvedena prek konzolnega droga in dotrajana. Priklju\u010dka na elektri\u010dno omre\u017eje ni bilo.<\/div>\n<div><strong>Kratek popis opravljenih del:<\/strong><\/div>\n<div id=\"_mcePaste\">1. Izdelava ustreznega projekta obnove in fotodokumentacije.<\/div>\n<div id=\"_mcePaste\">2. Demonta\u017ea vhodne stene, notranje opreme, odstranitev betonskega tlaka, odstranitev polnozidanega oltarnega podstavka in zazidanega prostora spodnjega dela apside. Postopno podkopavanje objekta, opa\u017eenje, armiranje in betoniranje betonskih nosilcev in spodnjega venca pod zidovi.<\/div>\n<div id=\"_mcePaste\">3. Dvig in prestavitev celotnega objekta.<\/div>\n<div id=\"_mcePaste\">4. Izdelava novega temelja, izolacija in ponovna namestitev na to\u010dno, prej ozna\u010deno staro mesto. Kapelico smo dvignili za 20 cm in poravnali.<\/div>\n<div id=\"_mcePaste\">5. Odstranili smo vse preperele stare omete in tudi zidake. Opravili smo hidroizolacijo, pozidali nov podstavek za oltarno mizo, izvedli notranjo elektri\u010dno napeljavo s podzemnim priklju\u010dkom na \u00a0javno razsvetljavo, namestili novo \u017eelezno vez ter v notranjosti in zunaj nanesli nove su\u0161ilne omete podjetja Cemo Puconci.<\/div>\n<div id=\"_mcePaste\">6. Opravljena so bila kamnose\u0161ka dela: oltarna miza, polkro\u017ena plo\u0161\u010da v apsidi, novo tlakovanje in prag.<\/div>\n<div id=\"_mcePaste\">7. Popravili smo ostre\u0161je, namestili novo bakreno kritino, po starem smo izdelali novo kroglo in kri\u017e na strehi ter odkapno poli\u010dko v zatrepu.<\/div>\n<div id=\"_mcePaste\">8. Namestili smo novo vhodno steno z vrati z nadsvetlobo in stranskima svetlobama.<\/div>\n<div id=\"_mcePaste\">9. Izdelali in zamenjali smo spodnje vmesne profilirane vence.<\/div>\n<div id=\"_mcePaste\">10. Obnovljen, impregniran in na novo poslikan je bil Marijin kip. Izdelali smo novo zvezdno krono.<\/div>\n<div id=\"_mcePaste\">11. Izdelan je bil posnetek stare poslikave in nanesena podlaga za novo. Na podlagi stare fotografije je bil izdelan na\u010drt poslikave zgornjih slavolo\u010dnih partij<\/div>\n<div id=\"_mcePaste\">12. Tlakovanje bordure okoli kapelice in pred njo.<\/div>\n<div id=\"_mcePaste\">13. Ma\u0161a Bersan Ma\u0161uk je po predlogah na novo poslikala zunanjost kapelice in restavrirala po\u0161kodbe notranjih poslikav.<\/div>\n<div id=\"_mcePaste\">14. Opravljena so bila slikopleskarska dela po navodilih ZVNKD OE Kranj.<\/div>\n<div id=\"_mcePaste\">15. Izdelan je bil na\u010drt zunanje ureditve okolice.<\/div>\n<div id=\"_mcePaste\">16. Strojno je bil zravnan kup zemlje cca 60 m3.<\/div>\n<div id=\"_mcePaste\">17. Izdelava manjkajo\u010de bordure Grajske ceste (tonalitne kocke).<\/div>\n<div id=\"_mcePaste\">18. Kultiviranje in ro\u010dna priprava tal za polaganje travne ru\u0161e in za setev trave.<\/div>\n<div id=\"_mcePaste\">19. Zasaditev \u017eive meje.<\/div>\n<div><strong>\u0160e nekaj osnovnih podatkov o obnovi:<\/strong><\/div>\n<div id=\"_mcePaste\"><strong>Lastnica kapelice: <\/strong>Minka Bevk<\/div>\n<div id=\"_mcePaste\"><strong>Pobuda za obnovo: <\/strong>Turisti\u010dno dru\u0161tvo Trzin v letu 2006<\/div>\n<div id=\"_mcePaste\"><strong>Naro\u010dnici in sofinacerki: <\/strong>Ob\u010dina Menge\u0161, \u017eupan Franc Jeri\u010d, Ob\u010dina Trzin, \u017eupan Tone Per\u0161ak<\/div>\n<div id=\"_mcePaste\"><strong>Predstavnika pogodbenih strank: <\/strong>Mitja Dolin\u0161ek za Ob\u010dino Menge\u0161,\u00a0Andrej Gril za Ob\u010dino Trzin<\/div>\n<div id=\"_mcePaste\"><strong>Organizator obnove in in\u017eenirska dela: <\/strong>Mestni muzej Menge\u0161, direktor Janez \u0160krlep<\/div>\n<div id=\"_mcePaste\"><strong>Nadzor:<\/strong> Zavod za varstvo kulturne dedi\u0161\u010dine Slovenije,\u00a0Obmo\u010dna enota Kranj, mag. Maja Avgu\u0161tin<\/div>\n<div>Zahvaljujem se vsem sodelujo\u010dim mojstrom, posebno pa podjetju \u017dnidar, Kleparstvu Vrhovnik, Marjanu Gabrilu, podjetju Bognar, podjetju Primer, Kulturnemu dru\u0161tvu Franca Jelov\u0161ka Menge\u0161, Andreju Grilu in Mitju Dolin\u0161ku, Klju\u010davni\u010darstvu Peter \u0160krlep, Janezu \u0160krlepu, Ale\u0161u Pan\u010durju, Ale\u0161u \u0160krlepu, Feliksu Burgarju, trzinskemu \u017eupniku Bo\u0161tjanu Gu\u010dku, menge\u0161kemu \u017eupniku Janezu Avseniku in vsem sosedom, ki so kakor koli sodelovali pri obnovi. Zahvaljujem se svetnikom in \u017eupanoma obeh ob\u010din, ki so podprli projekt obnove. Posebno pa sem hvale\u017een Minki Bevk Malnovi in njeni dru\u017eini ter soseski za gostoljubje.<\/div>\n<div>Menge\u0161, 20. 5. 2010, Mestni muzej Menge\u0161, Janez \u0160krlep, direktor<\/div>\n","protected":false},"excerpt":{"rendered":"<p>V jugozahodnem delu kri\u017ei\u0161\u010da cest, ki vodita iz Loke proti Trzinu in od glavne ceste Menge\u0161&#8211;Trzin proti gradu Jablje, stoji Kraljeva ali Malnova kapelica (Malnova zato, ker je bil nekdaj pri Kralju mlin). Ni nam znano, kdaj so na tem mestu prvi\u010d postavili znamenje in kak\u0161en je bil njegov namen. Gotovo pa je tu stala [&hellip;]<\/p>\n","protected":false},"author":2,"featured_media":0,"parent":258,"menu_order":0,"comment_status":"closed","ping_status":"closed","template":"","meta":{"footnotes":""},"class_list":["post-946","page","type-page","status-publish","hentry"],"jetpack_sharing_enabled":true,"jetpack_shortlink":"https:\/\/wp.me\/P73nhm-fg","jetpack-related-posts":[],"_links":{"self":[{"href":"https:\/\/www.kdfjm.si\/index.php?rest_route=\/wp\/v2\/pages\/946","targetHints":{"allow":["GET"]}}],"collection":[{"href":"https:\/\/www.kdfjm.si\/index.php?rest_route=\/wp\/v2\/pages"}],"about":[{"href":"https:\/\/www.kdfjm.si\/index.php?rest_route=\/wp\/v2\/types\/page"}],"author":[{"embeddable":true,"href":"https:\/\/www.kdfjm.si\/index.php?rest_route=\/wp\/v2\/users\/2"}],"replies":[{"embeddable":true,"href":"https:\/\/www.kdfjm.si\/index.php?rest_route=%2Fwp%2Fv2%2Fcomments&post=946"}],"version-history":[{"count":4,"href":"https:\/\/www.kdfjm.si\/index.php?rest_route=\/wp\/v2\/pages\/946\/revisions"}],"predecessor-version":[{"id":3539,"href":"https:\/\/www.kdfjm.si\/index.php?rest_route=\/wp\/v2\/pages\/946\/revisions\/3539"}],"up":[{"embeddable":true,"href":"https:\/\/www.kdfjm.si\/index.php?rest_route=\/wp\/v2\/pages\/258"}],"wp:attachment":[{"href":"https:\/\/www.kdfjm.si\/index.php?rest_route=%2Fwp%2Fv2%2Fmedia&parent=946"}],"curies":[{"name":"wp","href":"https:\/\/api.w.org\/{rel}","templated":true}]}}