{"id":898,"date":"2010-03-31T09:36:29","date_gmt":"2010-03-31T08:36:29","guid":{"rendered":"http:\/\/www.kdfjm.si\/?page_id=898"},"modified":"2015-10-11T21:29:47","modified_gmt":"2015-10-11T20:29:47","slug":"izdelovanje-zegnov","status":"publish","type":"page","link":"https:\/\/www.kdfjm.si\/?page_id=898","title":{"rendered":"Izdelovanje \u017eegnov"},"content":{"rendered":"<p>Veje in zelenje\u00a0 za izdelovanje \u017eegnov za cvetno nedeljo smo nabirali v \u010detrtek 25. marca 2010 od 17. ure dalje. \u017degne pa smo izdelovali v petek 26. marca 2010 ob 17. uri pred Jelov\u0161kovim spomenikom pri cerkvi v Meng\u0161u.<\/p>\n<p><strong><div class=\"slideshow\"><div id=\"ngg_slideshow1178981\" class=\"ngg-slideshow owl-carousel\" style=\"max-width: px; max-height: px;\"><img data-recalc-dims=\"1\" decoding=\"async\" src=\"https:\/\/i0.wp.com\/www.kdfjm.si\/wp-content\/gallery\/velika-noc-2010\/20100325-5R9_0019.jpg?ssl=1\" alt=\"20100325-5R9_0019\" style=\"max-width: px; max-height: px; width: auto; height:auto; margin:auto\"><img data-recalc-dims=\"1\" decoding=\"async\" src=\"https:\/\/i0.wp.com\/www.kdfjm.si\/wp-content\/gallery\/velika-noc-2010\/20100325-5R9_0023.jpg?ssl=1\" alt=\"20100325-5R9_0023\" style=\"max-width: px; max-height: px; width: auto; height:auto; margin:auto\"><img data-recalc-dims=\"1\" decoding=\"async\" src=\"https:\/\/i0.wp.com\/www.kdfjm.si\/wp-content\/gallery\/velika-noc-2010\/20100326-5R9_0029.jpg?ssl=1\" alt=\"20100326-5R9_0029\" style=\"max-width: px; max-height: px; width: auto; height:auto; margin:auto\"><img data-recalc-dims=\"1\" decoding=\"async\" src=\"https:\/\/i0.wp.com\/www.kdfjm.si\/wp-content\/gallery\/velika-noc-2010\/20100326-5R9_0032.jpg?ssl=1\" alt=\"20100326-5R9_0032\" style=\"max-width: px; max-height: px; width: auto; height:auto; margin:auto\"><img data-recalc-dims=\"1\" decoding=\"async\" src=\"https:\/\/i0.wp.com\/www.kdfjm.si\/wp-content\/gallery\/velika-noc-2010\/20100326-5R9_0036.jpg?ssl=1\" alt=\"20100326-5R9_0036\" style=\"max-width: px; max-height: px; width: auto; height:auto; margin:auto\"><img data-recalc-dims=\"1\" decoding=\"async\" src=\"https:\/\/i0.wp.com\/www.kdfjm.si\/wp-content\/gallery\/velika-noc-2010\/20100326-5R9_0037.jpg?ssl=1\" alt=\"20100326-5R9_0037\" style=\"max-width: px; max-height: px; width: auto; height:auto; margin:auto\"><img data-recalc-dims=\"1\" decoding=\"async\" src=\"https:\/\/i0.wp.com\/www.kdfjm.si\/wp-content\/gallery\/velika-noc-2010\/20100326-5R9_0038.jpg?ssl=1\" alt=\"20100326-5R9_0038\" style=\"max-width: px; max-height: px; width: auto; height:auto; margin:auto\"><img data-recalc-dims=\"1\" decoding=\"async\" src=\"https:\/\/i0.wp.com\/www.kdfjm.si\/wp-content\/gallery\/velika-noc-2010\/20100326-5R9_0039.jpg?ssl=1\" alt=\"20100326-5R9_0039\" style=\"max-width: px; max-height: px; width: auto; height:auto; margin:auto\"><img data-recalc-dims=\"1\" decoding=\"async\" src=\"https:\/\/i0.wp.com\/www.kdfjm.si\/wp-content\/gallery\/velika-noc-2010\/20100326-5R9_0041.jpg?ssl=1\" alt=\"20100326-5R9_0041\" style=\"max-width: px; max-height: px; width: auto; height:auto; margin:auto\"><img data-recalc-dims=\"1\" decoding=\"async\" src=\"https:\/\/i0.wp.com\/www.kdfjm.si\/wp-content\/gallery\/velika-noc-2010\/20100326-5R9_0045.jpg?ssl=1\" alt=\"20100326-5R9_0045\" style=\"max-width: px; max-height: px; width: auto; height:auto; margin:auto\"><img data-recalc-dims=\"1\" decoding=\"async\" src=\"https:\/\/i0.wp.com\/www.kdfjm.si\/wp-content\/gallery\/velika-noc-2010\/20100326-5R9_0050.jpg?ssl=1\" alt=\"20100326-5R9_0050\" style=\"max-width: px; max-height: px; width: auto; height:auto; margin:auto\"><img data-recalc-dims=\"1\" decoding=\"async\" src=\"https:\/\/i0.wp.com\/www.kdfjm.si\/wp-content\/gallery\/velika-noc-2010\/20100326-5R9_0051.jpg?ssl=1\" alt=\"20100326-5R9_0051\" style=\"max-width: px; max-height: px; width: auto; height:auto; margin:auto\"><img data-recalc-dims=\"1\" decoding=\"async\" src=\"https:\/\/i0.wp.com\/www.kdfjm.si\/wp-content\/gallery\/velika-noc-2010\/20100326-5R9_0053.jpg?ssl=1\" alt=\"20100326-5R9_0053\" style=\"max-width: px; max-height: px; width: auto; height:auto; margin:auto\"><img data-recalc-dims=\"1\" decoding=\"async\" src=\"https:\/\/i0.wp.com\/www.kdfjm.si\/wp-content\/gallery\/velika-noc-2010\/20100326-5R9_0054.jpg?ssl=1\" alt=\"20100326-5R9_0054\" style=\"max-width: px; max-height: px; width: auto; height:auto; margin:auto\"><img data-recalc-dims=\"1\" decoding=\"async\" src=\"https:\/\/i0.wp.com\/www.kdfjm.si\/wp-content\/gallery\/velika-noc-2010\/20100326-5R9_0059.jpg?ssl=1\" alt=\"20100326-5R9_0059\" style=\"max-width: px; max-height: px; width: auto; height:auto; margin:auto\"><img data-recalc-dims=\"1\" decoding=\"async\" src=\"https:\/\/i0.wp.com\/www.kdfjm.si\/wp-content\/gallery\/velika-noc-2010\/20100326-5R9_0060.jpg?ssl=1\" alt=\"20100326-5R9_0060\" style=\"max-width: px; max-height: px; width: auto; height:auto; margin:auto\"><img data-recalc-dims=\"1\" decoding=\"async\" src=\"https:\/\/i0.wp.com\/www.kdfjm.si\/wp-content\/gallery\/velika-noc-2010\/20100326-5R9_0061.jpg?ssl=1\" alt=\"20100326-5R9_0061\" style=\"max-width: px; max-height: px; width: auto; height:auto; margin:auto\"><img data-recalc-dims=\"1\" decoding=\"async\" src=\"https:\/\/i0.wp.com\/www.kdfjm.si\/wp-content\/gallery\/velika-noc-2010\/20100326-5R9_0062.jpg?ssl=1\" alt=\"20100326-5R9_0062\" style=\"max-width: px; max-height: px; width: auto; height:auto; margin:auto\"><img data-recalc-dims=\"1\" decoding=\"async\" src=\"https:\/\/i0.wp.com\/www.kdfjm.si\/wp-content\/gallery\/velika-noc-2010\/20100328-5R9_0031.jpg?ssl=1\" alt=\"20100328-5R9_0031\" style=\"max-width: px; max-height: px; width: auto; height:auto; margin:auto\"><img data-recalc-dims=\"1\" decoding=\"async\" src=\"https:\/\/i0.wp.com\/www.kdfjm.si\/wp-content\/gallery\/velika-noc-2010\/20100328-5R9_0043.jpg?ssl=1\" alt=\"20100328-5R9_0043\" style=\"max-width: px; max-height: px; width: auto; height:auto; margin:auto\"><\/div><\/div>\n\n<script type=\"text\/javascript\">jQuery(document).ready(function($) {\r\n\t\t\tvar owl = $('#ngg_slideshow1178981');\r\n\t\t\towl.owlCarousel({\r\n\t\t\t\titems: 1,\r\n\t\t\t\tautoHeight: false,\r\n\t            dots: true,\r\n\t            autoplay: true,\r\n\t\t\t\tautoplayTimeout: 3000,\r\n\t\t\t\tautoplayHoverPause: true,\r\n\t\t\t\tanimateIn: 'fadeIn',\r\n\t\t\t\tanimateOut: 'fadeOut',\r\n\t\t\t\tloop: true,\r\n\t\t\t\tmouseDrag: true,\r\n\t\t\t\ttouchDrag: true\r\n\t\t\t});\nowl.click( function () {\r\n                    owl.trigger( 'next.owl.carousel' );\r\n                } );});\n<\/script><\/strong><\/p>\n","protected":false},"excerpt":{"rendered":"<p>Veje in zelenje\u00a0 za izdelovanje \u017eegnov za cvetno nedeljo smo nabirali v \u010detrtek 25. marca 2010 od 17. ure dalje. \u017degne pa smo izdelovali v petek 26. marca 2010 ob 17. uri pred Jelov\u0161kovim spomenikom pri cerkvi v Meng\u0161u.<\/p>\n","protected":false},"author":2,"featured_media":0,"parent":299,"menu_order":0,"comment_status":"closed","ping_status":"closed","template":"","meta":{"footnotes":""},"class_list":["post-898","page","type-page","status-publish","hentry"],"jetpack_sharing_enabled":true,"jetpack_shortlink":"https:\/\/wp.me\/P73nhm-eu","jetpack-related-posts":[],"_links":{"self":[{"href":"https:\/\/www.kdfjm.si\/index.php?rest_route=\/wp\/v2\/pages\/898","targetHints":{"allow":["GET"]}}],"collection":[{"href":"https:\/\/www.kdfjm.si\/index.php?rest_route=\/wp\/v2\/pages"}],"about":[{"href":"https:\/\/www.kdfjm.si\/index.php?rest_route=\/wp\/v2\/types\/page"}],"author":[{"embeddable":true,"href":"https:\/\/www.kdfjm.si\/index.php?rest_route=\/wp\/v2\/users\/2"}],"replies":[{"embeddable":true,"href":"https:\/\/www.kdfjm.si\/index.php?rest_route=%2Fwp%2Fv2%2Fcomments&post=898"}],"version-history":[{"count":3,"href":"https:\/\/www.kdfjm.si\/index.php?rest_route=\/wp\/v2\/pages\/898\/revisions"}],"predecessor-version":[{"id":901,"href":"https:\/\/www.kdfjm.si\/index.php?rest_route=\/wp\/v2\/pages\/898\/revisions\/901"}],"up":[{"embeddable":true,"href":"https:\/\/www.kdfjm.si\/index.php?rest_route=\/wp\/v2\/pages\/299"}],"wp:attachment":[{"href":"https:\/\/www.kdfjm.si\/index.php?rest_route=%2Fwp%2Fv2%2Fmedia&parent=898"}],"curies":[{"name":"wp","href":"https:\/\/api.w.org\/{rel}","templated":true}]}}