{"id":598,"date":"2009-05-25T08:57:11","date_gmt":"2009-05-25T07:57:11","guid":{"rendered":"http:\/\/www.kdfjm.si\/?page_id=598"},"modified":"2015-10-11T21:29:47","modified_gmt":"2015-10-11T20:29:47","slug":"iv-festival-otroske-poezije","status":"publish","type":"page","link":"https:\/\/www.kdfjm.si\/?page_id=598","title":{"rendered":"IV. Festival otro\u0161ke poezije"},"content":{"rendered":"<p>IV. Festival otro\u0161ke poezije je potekal 22. maja 2009 ob 17. uri pri razvalinah kapele sv. Lovrenca na Gobavici.<\/p>\n<p>29. maj je rojstni dan slovenskega pisatelja, klasika Janeza Trdine, ki je \u017ee v mladosti skrbno prisluhnil bogatemu izro\u010dilu slovenskega \u010dloveka, ki je v bogati poeziji legend, bajk, povesti in pesmi ohranil tiso\u010dletno samobitnost na\u0161ega naroda. Trdina je skozi celo \u017eivljenje to silno bogastvo raziskoval in globoko prevzet zapisoval in nadgrajeval. Drug tak vzor je tudi Meng\u0161an Ivan Vesel Vesnin, pisatelj, dramatik, pesnik in prevajalec. Kot ravnatelj postojnske osnovne \u0161ole je objavil strokovni \u010dlanek o pomenu poezije v osnovni \u0161oli. \u00bbV poeziji prevladujeta \u010dustvo in domi\u0161ljija in ravno to dvoje je v otroku najmo\u010dnej\u0161e. \u010ce ni \u010dustev ne koristi dosti umska izobrazba in \u010de se v \u010dlove\u0161kem srcu ne vzbudi ob\u010dutek za lepo in sveto, ne rodi dosti sadu izobrazba, misle\u010dega \u010dloveka.\u00ab zapi\u0161e v tej razpravi Ivan Vesel Vesnin.<\/p>\n<p>Terminski na\u010drt projekta:<br \/>\n10. april 2009 \u2013 vabila k sodelovanju osnovnim \u0161olam Menge\u0161, Preserje, Dom\u017eale, Trzin, Vodice, Kamnik, Komenda<br \/>\n6. maj 2009 \u2013 zadnji rok oddaje pesmi, kratke proze na naslov Kulturno dru\u0161tvo Franca Jelov\u0161ka Menge\u0161, Slovenska cesta 30, 1234 Menge\u0161 ali info@kdfjm.si<br \/>\n13. maj 2009 \u2013 obvestilo \u0161olam in avtorjem o izboru za nastop na festivalu<br \/>\n22. maj 2009 \u2013 festival.<\/p>\n<p>Vsi sodelujo\u010di na festivalu so dobili spominske majice in priznanja. Mentorji so dobili potrdila o mentorstvu in sodelovanju. Izbrane pesmi in prozna dela bodo objavljena v posebni publikaciji.<\/p>\n<p>IV. Festival otro\u0161ke poezije je potekal v sodelovanju z Mestnim muzejem Menge\u0161 in Osnovno \u0161olo Menge\u0161<\/p>\n<p>Pesmi, ki so nastale za <strong><a href=\"http:\/\/www.kdfjm.si\/wp-content\/uploads\/2009\/05\/WebMalaZbornikKnjiga2.pdf\">IV. Festival otro\u0161ke poezije<\/a><\/strong>.<\/p>\n<p><strong><div class=\"slideshow\"><div id=\"ngg_slideshow775981\" class=\"ngg-slideshow owl-carousel\" style=\"max-width: px; max-height: px;\"><img data-recalc-dims=\"1\" decoding=\"async\" src=\"https:\/\/i0.wp.com\/www.kdfjm.si\/wp-content\/gallery\/iv-festival-otroske-poezije\/4FestivalOtroskePoezije-0022.jpg?ssl=1\" alt=\"4FestivalOtroskePoezije-0022.jpg\" style=\"max-width: px; max-height: px; width: auto; height:auto; margin:auto\"><img data-recalc-dims=\"1\" decoding=\"async\" src=\"https:\/\/i0.wp.com\/www.kdfjm.si\/wp-content\/gallery\/iv-festival-otroske-poezije\/4FestivalOtroskePoezije-0024.jpg?ssl=1\" alt=\"4FestivalOtroskePoezije-0024.jpg\" style=\"max-width: px; max-height: px; width: auto; height:auto; margin:auto\"><img data-recalc-dims=\"1\" decoding=\"async\" src=\"https:\/\/i0.wp.com\/www.kdfjm.si\/wp-content\/gallery\/iv-festival-otroske-poezije\/4FestivalOtroskePoezije-0025.jpg?ssl=1\" alt=\"4FestivalOtroskePoezije-0025.jpg\" style=\"max-width: px; max-height: px; width: auto; height:auto; margin:auto\"><img data-recalc-dims=\"1\" decoding=\"async\" src=\"https:\/\/i0.wp.com\/www.kdfjm.si\/wp-content\/gallery\/iv-festival-otroske-poezije\/4FestivalOtroskePoezije-0026.jpg?ssl=1\" alt=\"4FestivalOtroskePoezije-0026.jpg\" style=\"max-width: px; max-height: px; width: auto; height:auto; margin:auto\"><img data-recalc-dims=\"1\" decoding=\"async\" src=\"https:\/\/i0.wp.com\/www.kdfjm.si\/wp-content\/gallery\/iv-festival-otroske-poezije\/4FestivalOtroskePoezije-0028.jpg?ssl=1\" alt=\"4FestivalOtroskePoezije-0028.jpg\" style=\"max-width: px; max-height: px; width: auto; height:auto; margin:auto\"><img data-recalc-dims=\"1\" decoding=\"async\" src=\"https:\/\/i0.wp.com\/www.kdfjm.si\/wp-content\/gallery\/iv-festival-otroske-poezije\/4FestivalOtroskePoezije-0029.jpg?ssl=1\" alt=\"4FestivalOtroskePoezije-0029.jpg\" style=\"max-width: px; max-height: px; width: auto; height:auto; margin:auto\"><img data-recalc-dims=\"1\" decoding=\"async\" src=\"https:\/\/i0.wp.com\/www.kdfjm.si\/wp-content\/gallery\/iv-festival-otroske-poezije\/4FestivalOtroskePoezije-0031.jpg?ssl=1\" alt=\"4FestivalOtroskePoezije-0031.jpg\" style=\"max-width: px; max-height: px; width: auto; height:auto; margin:auto\"><img data-recalc-dims=\"1\" decoding=\"async\" src=\"https:\/\/i0.wp.com\/www.kdfjm.si\/wp-content\/gallery\/iv-festival-otroske-poezije\/4FestivalOtroskePoezije-0034.jpg?ssl=1\" alt=\"4FestivalOtroskePoezije-0034.jpg\" style=\"max-width: px; max-height: px; width: auto; height:auto; margin:auto\"><img data-recalc-dims=\"1\" decoding=\"async\" src=\"https:\/\/i0.wp.com\/www.kdfjm.si\/wp-content\/gallery\/iv-festival-otroske-poezije\/4FestivalOtroskePoezije-0035.jpg?ssl=1\" alt=\"4FestivalOtroskePoezije-0035.jpg\" style=\"max-width: px; max-height: px; width: auto; height:auto; margin:auto\"><img data-recalc-dims=\"1\" decoding=\"async\" src=\"https:\/\/i0.wp.com\/www.kdfjm.si\/wp-content\/gallery\/iv-festival-otroske-poezije\/4FestivalOtroskePoezije-0036.jpg?ssl=1\" alt=\"4FestivalOtroskePoezije-0036.jpg\" style=\"max-width: px; max-height: px; width: auto; height:auto; margin:auto\"><img data-recalc-dims=\"1\" decoding=\"async\" src=\"https:\/\/i0.wp.com\/www.kdfjm.si\/wp-content\/gallery\/iv-festival-otroske-poezije\/4FestivalOtroskePoezije-0037.jpg?ssl=1\" alt=\"4FestivalOtroskePoezije-0037.jpg\" style=\"max-width: px; max-height: px; width: auto; height:auto; margin:auto\"><img data-recalc-dims=\"1\" decoding=\"async\" src=\"https:\/\/i0.wp.com\/www.kdfjm.si\/wp-content\/gallery\/iv-festival-otroske-poezije\/4FestivalOtroskePoezije-0040.jpg?ssl=1\" alt=\"4FestivalOtroskePoezije-0040.jpg\" style=\"max-width: px; max-height: px; width: auto; height:auto; margin:auto\"><img data-recalc-dims=\"1\" decoding=\"async\" src=\"https:\/\/i0.wp.com\/www.kdfjm.si\/wp-content\/gallery\/iv-festival-otroske-poezije\/4FestivalOtroskePoezije-0041.jpg?ssl=1\" alt=\"4FestivalOtroskePoezije-0041.jpg\" style=\"max-width: px; max-height: px; width: auto; height:auto; margin:auto\"><img data-recalc-dims=\"1\" decoding=\"async\" src=\"https:\/\/i0.wp.com\/www.kdfjm.si\/wp-content\/gallery\/iv-festival-otroske-poezije\/4FestivalOtroskePoezije-0044.jpg?ssl=1\" alt=\"4FestivalOtroskePoezije-0044.jpg\" style=\"max-width: px; max-height: px; width: auto; height:auto; margin:auto\"><img data-recalc-dims=\"1\" decoding=\"async\" src=\"https:\/\/i0.wp.com\/www.kdfjm.si\/wp-content\/gallery\/iv-festival-otroske-poezije\/4FestivalOtroskePoezije-0046.jpg?ssl=1\" alt=\"4FestivalOtroskePoezije-0046.jpg\" style=\"max-width: px; max-height: px; width: auto; height:auto; margin:auto\"><img data-recalc-dims=\"1\" decoding=\"async\" src=\"https:\/\/i0.wp.com\/www.kdfjm.si\/wp-content\/gallery\/iv-festival-otroske-poezije\/4FestivalOtroskePoezije-0047.jpg?ssl=1\" alt=\"4FestivalOtroskePoezije-0047.jpg\" style=\"max-width: px; max-height: px; width: auto; height:auto; margin:auto\"><img data-recalc-dims=\"1\" decoding=\"async\" src=\"https:\/\/i0.wp.com\/www.kdfjm.si\/wp-content\/gallery\/iv-festival-otroske-poezije\/4FestivalOtroskePoezije-0048.jpg?ssl=1\" alt=\"4FestivalOtroskePoezije-0048.jpg\" style=\"max-width: px; max-height: px; width: auto; height:auto; margin:auto\"><img data-recalc-dims=\"1\" decoding=\"async\" src=\"https:\/\/i0.wp.com\/www.kdfjm.si\/wp-content\/gallery\/iv-festival-otroske-poezije\/4FestivalOtroskePoezije-0050.jpg?ssl=1\" alt=\"4FestivalOtroskePoezije-0050.jpg\" style=\"max-width: px; max-height: px; width: auto; height:auto; margin:auto\"><img data-recalc-dims=\"1\" decoding=\"async\" src=\"https:\/\/i0.wp.com\/www.kdfjm.si\/wp-content\/gallery\/iv-festival-otroske-poezije\/4FestivalOtroskePoezije-0051.jpg?ssl=1\" alt=\"4FestivalOtroskePoezije-0051.jpg\" style=\"max-width: px; max-height: px; width: auto; height:auto; margin:auto\"><img data-recalc-dims=\"1\" decoding=\"async\" src=\"https:\/\/i0.wp.com\/www.kdfjm.si\/wp-content\/gallery\/iv-festival-otroske-poezije\/4FestivalOtroskePoezije-0053.jpg?ssl=1\" alt=\"4FestivalOtroskePoezije-0053.jpg\" style=\"max-width: px; max-height: px; width: auto; height:auto; margin:auto\"><img data-recalc-dims=\"1\" decoding=\"async\" src=\"https:\/\/i0.wp.com\/www.kdfjm.si\/wp-content\/gallery\/iv-festival-otroske-poezije\/4FestivalOtroskePoezije-0056.jpg?ssl=1\" alt=\"4FestivalOtroskePoezije-0056.jpg\" style=\"max-width: px; max-height: px; width: auto; height:auto; margin:auto\"><img data-recalc-dims=\"1\" decoding=\"async\" src=\"https:\/\/i0.wp.com\/www.kdfjm.si\/wp-content\/gallery\/iv-festival-otroske-poezije\/4FestivalOtroskePoezije-0058.jpg?ssl=1\" alt=\"4FestivalOtroskePoezije-0058.jpg\" style=\"max-width: px; max-height: px; width: auto; height:auto; margin:auto\"><img data-recalc-dims=\"1\" decoding=\"async\" src=\"https:\/\/i0.wp.com\/www.kdfjm.si\/wp-content\/gallery\/iv-festival-otroske-poezije\/4FestivalOtroskePoezije-0059.jpg?ssl=1\" alt=\"4FestivalOtroskePoezije-0059.jpg\" style=\"max-width: px; max-height: px; width: auto; height:auto; margin:auto\"><img data-recalc-dims=\"1\" decoding=\"async\" src=\"https:\/\/i0.wp.com\/www.kdfjm.si\/wp-content\/gallery\/iv-festival-otroske-poezije\/4FestivalOtroskePoezije-0060.jpg?ssl=1\" alt=\"4FestivalOtroskePoezije-0060.jpg\" style=\"max-width: px; max-height: px; width: auto; height:auto; margin:auto\"><img data-recalc-dims=\"1\" decoding=\"async\" src=\"https:\/\/i0.wp.com\/www.kdfjm.si\/wp-content\/gallery\/iv-festival-otroske-poezije\/4FestivalOtroskePoezije-0064.jpg?ssl=1\" alt=\"4FestivalOtroskePoezije-0064.jpg\" style=\"max-width: px; max-height: px; width: auto; height:auto; margin:auto\"><img data-recalc-dims=\"1\" decoding=\"async\" src=\"https:\/\/i0.wp.com\/www.kdfjm.si\/wp-content\/gallery\/iv-festival-otroske-poezije\/4FestivalOtroskePoezije-0066.jpg?ssl=1\" alt=\"4FestivalOtroskePoezije-0066.jpg\" style=\"max-width: px; max-height: px; width: auto; height:auto; margin:auto\"><img data-recalc-dims=\"1\" decoding=\"async\" src=\"https:\/\/i0.wp.com\/www.kdfjm.si\/wp-content\/gallery\/iv-festival-otroske-poezije\/4FestivalOtroskePoezije-0067.jpg?ssl=1\" alt=\"4FestivalOtroskePoezije-0067.jpg\" style=\"max-width: px; max-height: px; width: auto; height:auto; margin:auto\"><img data-recalc-dims=\"1\" decoding=\"async\" src=\"https:\/\/i0.wp.com\/www.kdfjm.si\/wp-content\/gallery\/iv-festival-otroske-poezije\/4FestivalOtroskePoezije-0068.jpg?ssl=1\" alt=\"4FestivalOtroskePoezije-0068.jpg\" style=\"max-width: px; max-height: px; width: auto; height:auto; margin:auto\"><img data-recalc-dims=\"1\" decoding=\"async\" src=\"https:\/\/i0.wp.com\/www.kdfjm.si\/wp-content\/gallery\/iv-festival-otroske-poezije\/4FestivalOtroskePoezije-0069.jpg?ssl=1\" alt=\"4FestivalOtroskePoezije-0069.jpg\" style=\"max-width: px; max-height: px; width: auto; height:auto; margin:auto\"><img data-recalc-dims=\"1\" decoding=\"async\" src=\"https:\/\/i0.wp.com\/www.kdfjm.si\/wp-content\/gallery\/iv-festival-otroske-poezije\/4FestivalOtroskePoezije-0070.jpg?ssl=1\" alt=\"4FestivalOtroskePoezije-0070.jpg\" style=\"max-width: px; max-height: px; width: auto; height:auto; margin:auto\"><img data-recalc-dims=\"1\" decoding=\"async\" src=\"https:\/\/i0.wp.com\/www.kdfjm.si\/wp-content\/gallery\/iv-festival-otroske-poezije\/4FestivalOtroskePoezije-0073.jpg?ssl=1\" alt=\"4FestivalOtroskePoezije-0073.jpg\" style=\"max-width: px; max-height: px; width: auto; height:auto; margin:auto\"><img data-recalc-dims=\"1\" decoding=\"async\" src=\"https:\/\/i0.wp.com\/www.kdfjm.si\/wp-content\/gallery\/iv-festival-otroske-poezije\/4FestivalOtroskePoezije-0074.jpg?ssl=1\" alt=\"4FestivalOtroskePoezije-0074.jpg\" style=\"max-width: px; max-height: px; width: auto; height:auto; margin:auto\"><img data-recalc-dims=\"1\" decoding=\"async\" src=\"https:\/\/i0.wp.com\/www.kdfjm.si\/wp-content\/gallery\/iv-festival-otroske-poezije\/4FestivalOtroskePoezije-0077.jpg?ssl=1\" alt=\"4FestivalOtroskePoezije-0077.jpg\" style=\"max-width: px; max-height: px; width: auto; height:auto; margin:auto\"><img data-recalc-dims=\"1\" decoding=\"async\" src=\"https:\/\/i0.wp.com\/www.kdfjm.si\/wp-content\/gallery\/iv-festival-otroske-poezije\/4FestivalOtroskePoezije-0079.jpg?ssl=1\" alt=\"4FestivalOtroskePoezije-0079.jpg\" style=\"max-width: px; max-height: px; width: auto; height:auto; margin:auto\"><img data-recalc-dims=\"1\" decoding=\"async\" src=\"https:\/\/i0.wp.com\/www.kdfjm.si\/wp-content\/gallery\/iv-festival-otroske-poezije\/4FestivalOtroskePoezije-0082.jpg?ssl=1\" alt=\"4FestivalOtroskePoezije-0082.jpg\" style=\"max-width: px; max-height: px; width: auto; height:auto; margin:auto\"><img data-recalc-dims=\"1\" decoding=\"async\" src=\"https:\/\/i0.wp.com\/www.kdfjm.si\/wp-content\/gallery\/iv-festival-otroske-poezije\/4FestivalOtroskePoezije-0083.jpg?ssl=1\" alt=\"4FestivalOtroskePoezije-0083.jpg\" style=\"max-width: px; max-height: px; width: auto; height:auto; margin:auto\"><img data-recalc-dims=\"1\" decoding=\"async\" src=\"https:\/\/i0.wp.com\/www.kdfjm.si\/wp-content\/gallery\/iv-festival-otroske-poezije\/4FestivalOtroskePoezije-0084.jpg?ssl=1\" alt=\"4FestivalOtroskePoezije-0084.jpg\" style=\"max-width: px; max-height: px; width: auto; height:auto; margin:auto\"><img data-recalc-dims=\"1\" decoding=\"async\" src=\"https:\/\/i0.wp.com\/www.kdfjm.si\/wp-content\/gallery\/iv-festival-otroske-poezije\/4FestivalOtroskePoezije-0086.jpg?ssl=1\" alt=\"4FestivalOtroskePoezije-0086.jpg\" style=\"max-width: px; max-height: px; width: auto; height:auto; margin:auto\"><img data-recalc-dims=\"1\" decoding=\"async\" src=\"https:\/\/i0.wp.com\/www.kdfjm.si\/wp-content\/gallery\/iv-festival-otroske-poezije\/4FestivalOtroskePoezije-0087.jpg?ssl=1\" alt=\"4FestivalOtroskePoezije-0087.jpg\" style=\"max-width: px; max-height: px; width: auto; height:auto; margin:auto\"><img data-recalc-dims=\"1\" decoding=\"async\" src=\"https:\/\/i0.wp.com\/www.kdfjm.si\/wp-content\/gallery\/iv-festival-otroske-poezije\/4FestivalOtroskePoezije-0088.jpg?ssl=1\" alt=\"4FestivalOtroskePoezije-0088.jpg\" style=\"max-width: px; max-height: px; width: auto; height:auto; margin:auto\"><img data-recalc-dims=\"1\" decoding=\"async\" src=\"https:\/\/i0.wp.com\/www.kdfjm.si\/wp-content\/gallery\/iv-festival-otroske-poezije\/4FestivalOtroskePoezije-0090.jpg?ssl=1\" alt=\"4FestivalOtroskePoezije-0090.jpg\" style=\"max-width: px; max-height: px; width: auto; height:auto; margin:auto\"><img data-recalc-dims=\"1\" decoding=\"async\" src=\"https:\/\/i0.wp.com\/www.kdfjm.si\/wp-content\/gallery\/iv-festival-otroske-poezije\/4FestivalOtroskePoezije-0092.jpg?ssl=1\" alt=\"4FestivalOtroskePoezije-0092.jpg\" style=\"max-width: px; max-height: px; width: auto; height:auto; margin:auto\"><img data-recalc-dims=\"1\" decoding=\"async\" src=\"https:\/\/i0.wp.com\/www.kdfjm.si\/wp-content\/gallery\/iv-festival-otroske-poezije\/4FestivalOtroskePoezije-0093.jpg?ssl=1\" alt=\"4FestivalOtroskePoezije-0093.jpg\" style=\"max-width: px; max-height: px; width: auto; height:auto; margin:auto\"><img data-recalc-dims=\"1\" decoding=\"async\" src=\"https:\/\/i0.wp.com\/www.kdfjm.si\/wp-content\/gallery\/iv-festival-otroske-poezije\/4FestivalOtroskePoezije-0095.jpg?ssl=1\" alt=\"4FestivalOtroskePoezije-0095.jpg\" style=\"max-width: px; max-height: px; width: auto; height:auto; margin:auto\"><img data-recalc-dims=\"1\" decoding=\"async\" src=\"https:\/\/i0.wp.com\/www.kdfjm.si\/wp-content\/gallery\/iv-festival-otroske-poezije\/4FestivalOtroskePoezije-0096.jpg?ssl=1\" alt=\"4FestivalOtroskePoezije-0096.jpg\" style=\"max-width: px; max-height: px; width: auto; height:auto; margin:auto\"><img data-recalc-dims=\"1\" decoding=\"async\" src=\"https:\/\/i0.wp.com\/www.kdfjm.si\/wp-content\/gallery\/iv-festival-otroske-poezije\/4FestivalOtroskePoezije-0097.jpg?ssl=1\" alt=\"4FestivalOtroskePoezije-0097.jpg\" style=\"max-width: px; max-height: px; width: auto; height:auto; margin:auto\"><img data-recalc-dims=\"1\" decoding=\"async\" src=\"https:\/\/i0.wp.com\/www.kdfjm.si\/wp-content\/gallery\/iv-festival-otroske-poezije\/4FestivalOtroskePoezije-0098.jpg?ssl=1\" alt=\"4FestivalOtroskePoezije-0098.jpg\" style=\"max-width: px; max-height: px; width: auto; height:auto; margin:auto\"><img data-recalc-dims=\"1\" decoding=\"async\" src=\"https:\/\/i0.wp.com\/www.kdfjm.si\/wp-content\/gallery\/iv-festival-otroske-poezije\/4FestivalOtroskePoezije-0100.jpg?ssl=1\" alt=\"4FestivalOtroskePoezije-0100.jpg\" style=\"max-width: px; max-height: px; width: auto; height:auto; margin:auto\"><img data-recalc-dims=\"1\" decoding=\"async\" src=\"https:\/\/i0.wp.com\/www.kdfjm.si\/wp-content\/gallery\/iv-festival-otroske-poezije\/4FestivalOtroskePoezije-0101.jpg?ssl=1\" alt=\"4FestivalOtroskePoezije-0101.jpg\" style=\"max-width: px; max-height: px; width: auto; height:auto; margin:auto\"><img data-recalc-dims=\"1\" decoding=\"async\" src=\"https:\/\/i0.wp.com\/www.kdfjm.si\/wp-content\/gallery\/iv-festival-otroske-poezije\/4FestivalOtroskePoezije-0102.jpg?ssl=1\" alt=\"4FestivalOtroskePoezije-0102.jpg\" style=\"max-width: px; max-height: px; width: auto; height:auto; margin:auto\"><img data-recalc-dims=\"1\" decoding=\"async\" src=\"https:\/\/i0.wp.com\/www.kdfjm.si\/wp-content\/gallery\/iv-festival-otroske-poezije\/4FestivalOtroskePoezije-0103.jpg?ssl=1\" alt=\"4FestivalOtroskePoezije-0103.jpg\" style=\"max-width: px; max-height: px; width: auto; height:auto; margin:auto\"><\/div><\/div>\n\n<script type=\"text\/javascript\">jQuery(document).ready(function($) {\r\n\t\t\tvar owl = $('#ngg_slideshow775981');\r\n\t\t\towl.owlCarousel({\r\n\t\t\t\titems: 1,\r\n\t\t\t\tautoHeight: false,\r\n\t            dots: true,\r\n\t            autoplay: true,\r\n\t\t\t\tautoplayTimeout: 3000,\r\n\t\t\t\tautoplayHoverPause: true,\r\n\t\t\t\tanimateIn: 'fadeIn',\r\n\t\t\t\tanimateOut: 'fadeOut',\r\n\t\t\t\tloop: true,\r\n\t\t\t\tmouseDrag: true,\r\n\t\t\t\ttouchDrag: true\r\n\t\t\t});\nowl.click( function () {\r\n                    owl.trigger( 'next.owl.carousel' );\r\n                } );});\n<\/script><\/strong><\/p>\n","protected":false},"excerpt":{"rendered":"<p>IV. Festival otro\u0161ke poezije je potekal 22. maja 2009 ob 17. uri pri razvalinah kapele sv. Lovrenca na Gobavici. 29. maj je rojstni dan slovenskega pisatelja, klasika Janeza Trdine, ki je \u017ee v mladosti skrbno prisluhnil bogatemu izro\u010dilu slovenskega \u010dloveka, ki je v bogati poeziji legend, bajk, povesti in pesmi ohranil tiso\u010dletno samobitnost na\u0161ega naroda. [&hellip;]<\/p>\n","protected":false},"author":2,"featured_media":0,"parent":361,"menu_order":0,"comment_status":"closed","ping_status":"closed","template":"","meta":{"footnotes":""},"class_list":["post-598","page","type-page","status-publish","hentry"],"jetpack_sharing_enabled":true,"jetpack_shortlink":"https:\/\/wp.me\/P73nhm-9E","jetpack-related-posts":[],"_links":{"self":[{"href":"https:\/\/www.kdfjm.si\/index.php?rest_route=\/wp\/v2\/pages\/598","targetHints":{"allow":["GET"]}}],"collection":[{"href":"https:\/\/www.kdfjm.si\/index.php?rest_route=\/wp\/v2\/pages"}],"about":[{"href":"https:\/\/www.kdfjm.si\/index.php?rest_route=\/wp\/v2\/types\/page"}],"author":[{"embeddable":true,"href":"https:\/\/www.kdfjm.si\/index.php?rest_route=\/wp\/v2\/users\/2"}],"replies":[{"embeddable":true,"href":"https:\/\/www.kdfjm.si\/index.php?rest_route=%2Fwp%2Fv2%2Fcomments&post=598"}],"version-history":[{"count":4,"href":"https:\/\/www.kdfjm.si\/index.php?rest_route=\/wp\/v2\/pages\/598\/revisions"}],"predecessor-version":[{"id":600,"href":"https:\/\/www.kdfjm.si\/index.php?rest_route=\/wp\/v2\/pages\/598\/revisions\/600"}],"up":[{"embeddable":true,"href":"https:\/\/www.kdfjm.si\/index.php?rest_route=\/wp\/v2\/pages\/361"}],"wp:attachment":[{"href":"https:\/\/www.kdfjm.si\/index.php?rest_route=%2Fwp%2Fv2%2Fmedia&parent=598"}],"curies":[{"name":"wp","href":"https:\/\/api.w.org\/{rel}","templated":true}]}}