{"id":4603,"date":"2019-03-06T22:53:50","date_gmt":"2019-03-06T21:53:50","guid":{"rendered":"http:\/\/www.kdfjm.si\/?page_id=4603"},"modified":"2019-03-06T22:55:34","modified_gmt":"2019-03-06T21:55:34","slug":"3-december-ta-veseli-dan-kulture","status":"publish","type":"page","link":"https:\/\/www.kdfjm.si\/?page_id=4603","title":{"rendered":"3. december, ta veseli dan kulture &#8230;"},"content":{"rendered":"<p>Na Ta veseli dan kulture, 3. decembra 2018,\u00a0 smo izdali nove razglednice v poklon 200. obletnici Staretove pivovarne v Meng\u0161u in 9. fotote\u010dno monografijo Jelov\u0161kovih fresk iz cerkve Marijinega vnebovzetja v Lescah.<\/p>\n<p><a href=\"http:\/\/www.kdfjm.si\/wp-content\/uploads\/2018\/11\/Franc_Jelovsek_MarijinoV_LESCE_KDFJMFotoMonografija9del2018_Splet_spread.pdf\">Freske Franca_Jelov\u0161ka v \u017eupnijski cerkvi Marijinega vnebovzetja v Lescah<\/a><\/p>\n<p>Za tiskano verzijo se obrnite na peter@primer.si.<\/p>\n<div class=\"slideshow\"><div id=\"ngg_slideshow38646031\" class=\"ngg-slideshow owl-carousel\" style=\"max-width: 500px; max-height: 500px;\"><img data-recalc-dims=\"1\" decoding=\"async\" src=\"https:\/\/i0.wp.com\/www.kdfjm.si\/wp-content\/gallery\/ta-veseli-dan-kulture-2018\/20181129-pet_4993.jpg?ssl=1\" alt=\"20181129-pet_4993\" style=\"max-width: 500px; max-height: 500px; width: auto; height:auto; margin:auto\"><img data-recalc-dims=\"1\" decoding=\"async\" src=\"https:\/\/i0.wp.com\/www.kdfjm.si\/wp-content\/gallery\/ta-veseli-dan-kulture-2018\/20181129-pet_4994.jpg?ssl=1\" alt=\"20181129-pet_4994\" style=\"max-width: 500px; max-height: 500px; width: auto; height:auto; margin:auto\"><\/div><\/div>\n\n<script type=\"text\/javascript\">jQuery(document).ready(function($) {\r\n\t\t\tvar owl = $('#ngg_slideshow38646031');\r\n\t\t\towl.owlCarousel({\r\n\t\t\t\titems: 1,\r\n\t\t\t\tautoHeight: false,\r\n\t            dots: true,\r\n\t            autoplay: true,\r\n\t\t\t\tautoplayTimeout: 3000,\r\n\t\t\t\tautoplayHoverPause: true,\r\n\t\t\t\tanimateIn: 'fadeIn',\r\n\t\t\t\tanimateOut: 'fadeOut',\r\n\t\t\t\tloop: true,\r\n\t\t\t\tmouseDrag: true,\r\n\t\t\t\ttouchDrag: true\r\n\t\t\t});\nowl.click( function () {\r\n                    owl.trigger( 'next.owl.carousel' );\r\n                } );});\n<\/script>\n","protected":false},"excerpt":{"rendered":"<p>Na Ta veseli dan kulture, 3. decembra 2018,\u00a0 smo izdali nove razglednice v poklon 200. obletnici Staretove pivovarne v Meng\u0161u in 9. fotote\u010dno monografijo Jelov\u0161kovih fresk iz cerkve Marijinega vnebovzetja v Lescah. Freske Franca_Jelov\u0161ka v \u017eupnijski cerkvi Marijinega vnebovzetja v Lescah Za tiskano verzijo se obrnite na peter@primer.si.<\/p>\n","protected":false},"author":4,"featured_media":0,"parent":606,"menu_order":0,"comment_status":"closed","ping_status":"closed","template":"","meta":{"footnotes":""},"class_list":["post-4603","page","type-page","status-publish","hentry"],"jetpack_sharing_enabled":true,"jetpack_shortlink":"https:\/\/wp.me\/P73nhm-1cf","jetpack-related-posts":[],"_links":{"self":[{"href":"https:\/\/www.kdfjm.si\/index.php?rest_route=\/wp\/v2\/pages\/4603","targetHints":{"allow":["GET"]}}],"collection":[{"href":"https:\/\/www.kdfjm.si\/index.php?rest_route=\/wp\/v2\/pages"}],"about":[{"href":"https:\/\/www.kdfjm.si\/index.php?rest_route=\/wp\/v2\/types\/page"}],"author":[{"embeddable":true,"href":"https:\/\/www.kdfjm.si\/index.php?rest_route=\/wp\/v2\/users\/4"}],"replies":[{"embeddable":true,"href":"https:\/\/www.kdfjm.si\/index.php?rest_route=%2Fwp%2Fv2%2Fcomments&post=4603"}],"version-history":[{"count":3,"href":"https:\/\/www.kdfjm.si\/index.php?rest_route=\/wp\/v2\/pages\/4603\/revisions"}],"predecessor-version":[{"id":4606,"href":"https:\/\/www.kdfjm.si\/index.php?rest_route=\/wp\/v2\/pages\/4603\/revisions\/4606"}],"up":[{"embeddable":true,"href":"https:\/\/www.kdfjm.si\/index.php?rest_route=\/wp\/v2\/pages\/606"}],"wp:attachment":[{"href":"https:\/\/www.kdfjm.si\/index.php?rest_route=%2Fwp%2Fv2%2Fmedia&parent=4603"}],"curies":[{"name":"wp","href":"https:\/\/api.w.org\/{rel}","templated":true}]}}