{"id":4548,"date":"2019-03-06T21:49:28","date_gmt":"2019-03-06T20:49:28","guid":{"rendered":"http:\/\/www.kdfjm.si\/?page_id=4548"},"modified":"2019-03-06T21:49:28","modified_gmt":"2019-03-06T20:49:28","slug":"priloznostna-razstava-ob-obletnici-smrti-janeza-puharja","status":"publish","type":"page","link":"https:\/\/www.kdfjm.si\/?page_id=4548","title":{"rendered":"Prilo\u017enostna razstava ob obletnici smrti Janeza Puharja"},"content":{"rendered":"<p>Kulturno dru\u0161tvo Franca Jelov\u0161ka Menge\u0161 s fotografiranjem s Camero obscuro velikanko in s postavitvijo prilo\u017enostne razstave v nedeljo, 7. avgusta 2016 obele\u017euje obletnico smrti duhovnika, fotografa in izumitelja Janeza Puharja. Vabimo vas na ogled pred galerijo Cik cak.<\/p>\n","protected":false},"excerpt":{"rendered":"<p>Kulturno dru\u0161tvo Franca Jelov\u0161ka Menge\u0161 s fotografiranjem s Camero obscuro velikanko in s postavitvijo prilo\u017enostne razstave v nedeljo, 7. avgusta 2016 obele\u017euje obletnico smrti duhovnika, fotografa in izumitelja Janeza Puharja. Vabimo vas na ogled pred galerijo Cik cak.<\/p>\n","protected":false},"author":4,"featured_media":0,"parent":448,"menu_order":0,"comment_status":"closed","ping_status":"closed","template":"","meta":{"footnotes":""},"class_list":["post-4548","page","type-page","status-publish","hentry"],"jetpack_sharing_enabled":true,"jetpack_shortlink":"https:\/\/wp.me\/P73nhm-1bm","jetpack-related-posts":[],"_links":{"self":[{"href":"https:\/\/www.kdfjm.si\/index.php?rest_route=\/wp\/v2\/pages\/4548","targetHints":{"allow":["GET"]}}],"collection":[{"href":"https:\/\/www.kdfjm.si\/index.php?rest_route=\/wp\/v2\/pages"}],"about":[{"href":"https:\/\/www.kdfjm.si\/index.php?rest_route=\/wp\/v2\/types\/page"}],"author":[{"embeddable":true,"href":"https:\/\/www.kdfjm.si\/index.php?rest_route=\/wp\/v2\/users\/4"}],"replies":[{"embeddable":true,"href":"https:\/\/www.kdfjm.si\/index.php?rest_route=%2Fwp%2Fv2%2Fcomments&post=4548"}],"version-history":[{"count":1,"href":"https:\/\/www.kdfjm.si\/index.php?rest_route=\/wp\/v2\/pages\/4548\/revisions"}],"predecessor-version":[{"id":4549,"href":"https:\/\/www.kdfjm.si\/index.php?rest_route=\/wp\/v2\/pages\/4548\/revisions\/4549"}],"up":[{"embeddable":true,"href":"https:\/\/www.kdfjm.si\/index.php?rest_route=\/wp\/v2\/pages\/448"}],"wp:attachment":[{"href":"https:\/\/www.kdfjm.si\/index.php?rest_route=%2Fwp%2Fv2%2Fmedia&parent=4548"}],"curies":[{"name":"wp","href":"https:\/\/api.w.org\/{rel}","templated":true}]}}