{"id":4472,"date":"2019-03-05T13:29:43","date_gmt":"2019-03-05T12:29:43","guid":{"rendered":"http:\/\/www.kdfjm.si\/?page_id=4472"},"modified":"2019-03-05T13:30:57","modified_gmt":"2019-03-05T12:30:57","slug":"predavanje-vida-kregarja-pes-v-salzburg-sustarsicevi-dnevi","status":"publish","type":"page","link":"https:\/\/www.kdfjm.si\/?page_id=4472","title":{"rendered":"Predavanje Vida Kregarja Pe\u0161 v Salzburg &#8211; \u0160u\u0161tar\u0161i\u010devi dnevi"},"content":{"rendered":"<div>Vljudno Vas in Va\u0161e prijatelje vabimo na predavanje popotnika in romarja Vida Kregarja z naslovom\u00a0Pe\u0161 v Salzburg na 170. obletnico \u0161kofovskega posve\u010denja bla\u017eenega Antona Martina Slom\u0161ka.<\/div>\n<div>Predavanje bo v torek, 20. septembra 2016 ob 19.30 v Galeriji me\u017enariji.<\/div>\n<div><img data-recalc-dims=\"1\" loading=\"lazy\" decoding=\"async\" data-attachment-id=\"3919\" data-permalink=\"https:\/\/www.kdfjm.si\/?attachment_id=3919\" data-orig-file=\"https:\/\/i0.wp.com\/www.kdfjm.si\/wp-content\/uploads\/2016\/09\/Anton_Martin_Slom%C5%A1ek_1863splet.jpg?fit=1181%2C1600&amp;ssl=1\" data-orig-size=\"1181,1600\" data-comments-opened=\"0\" data-image-meta=\"{&quot;aperture&quot;:&quot;0&quot;,&quot;credit&quot;:&quot;&quot;,&quot;camera&quot;:&quot;&quot;,&quot;caption&quot;:&quot;&quot;,&quot;created_timestamp&quot;:&quot;0&quot;,&quot;copyright&quot;:&quot;&quot;,&quot;focal_length&quot;:&quot;0&quot;,&quot;iso&quot;:&quot;0&quot;,&quot;shutter_speed&quot;:&quot;0&quot;,&quot;title&quot;:&quot;&quot;,&quot;orientation&quot;:&quot;1&quot;}\" data-image-title=\"anton_martin_slomsek_1863splet\" data-image-description=\"\" data-image-caption=\"\" data-large-file=\"https:\/\/i0.wp.com\/www.kdfjm.si\/wp-content\/uploads\/2016\/09\/Anton_Martin_Slom%C5%A1ek_1863splet.jpg?fit=756%2C1024&amp;ssl=1\" class=\"aligncenter wp-image-3919\" src=\"https:\/\/i0.wp.com\/www.kdfjm.si\/wp-content\/uploads\/2016\/09\/Anton_Martin_Slom%C5%A1ek_1863splet-221x300.jpg?resize=271%2C368\" alt=\"anton_martin_slomsek_1863splet\" width=\"271\" height=\"368\" srcset=\"https:\/\/i0.wp.com\/www.kdfjm.si\/wp-content\/uploads\/2016\/09\/Anton_Martin_Slom%C5%A1ek_1863splet.jpg?resize=221%2C300&amp;ssl=1 221w, https:\/\/i0.wp.com\/www.kdfjm.si\/wp-content\/uploads\/2016\/09\/Anton_Martin_Slom%C5%A1ek_1863splet.jpg?resize=756%2C1024&amp;ssl=1 756w, https:\/\/i0.wp.com\/www.kdfjm.si\/wp-content\/uploads\/2016\/09\/Anton_Martin_Slom%C5%A1ek_1863splet.jpg?w=1181&amp;ssl=1 1181w\" sizes=\"auto, (max-width: 271px) 100vw, 271px\" \/><\/div>\n<div><div class=\"slideshow\"><div id=\"ngg_slideshow34044721\" class=\"ngg-slideshow owl-carousel\" style=\"max-width: 500px; max-height: 500px;\"><img data-recalc-dims=\"1\" decoding=\"async\" src=\"https:\/\/i0.wp.com\/www.kdfjm.si\/wp-content\/gallery\/zasplet3\/20160920-tap_5525.jpg?ssl=1\" alt=\"20160920-tap_5525\" style=\"max-width: 500px; max-height: 500px; width: auto; height:auto; margin:auto\"><img data-recalc-dims=\"1\" decoding=\"async\" src=\"https:\/\/i0.wp.com\/www.kdfjm.si\/wp-content\/gallery\/zasplet3\/20160920-tap_5526.jpg?ssl=1\" alt=\"20160920-tap_5526\" style=\"max-width: 500px; max-height: 500px; width: auto; height:auto; margin:auto\"><img data-recalc-dims=\"1\" decoding=\"async\" src=\"https:\/\/i0.wp.com\/www.kdfjm.si\/wp-content\/gallery\/zasplet3\/20160920-tap_5539.jpg?ssl=1\" alt=\"20160920-tap_5539\" style=\"max-width: 500px; max-height: 500px; width: auto; height:auto; margin:auto\"><img data-recalc-dims=\"1\" decoding=\"async\" src=\"https:\/\/i0.wp.com\/www.kdfjm.si\/wp-content\/gallery\/zasplet3\/20160920-tap_5540.jpg?ssl=1\" alt=\"20160920-tap_5540\" style=\"max-width: 500px; max-height: 500px; width: auto; height:auto; margin:auto\"><img data-recalc-dims=\"1\" decoding=\"async\" src=\"https:\/\/i0.wp.com\/www.kdfjm.si\/wp-content\/gallery\/zasplet3\/20160920-tap_5542.jpg?ssl=1\" alt=\"20160920-tap_5542\" style=\"max-width: 500px; max-height: 500px; width: auto; height:auto; margin:auto\"><\/div><\/div>\n\n<script type=\"text\/javascript\">jQuery(document).ready(function($) {\r\n\t\t\tvar owl = $('#ngg_slideshow34044721');\r\n\t\t\towl.owlCarousel({\r\n\t\t\t\titems: 1,\r\n\t\t\t\tautoHeight: false,\r\n\t            dots: true,\r\n\t            autoplay: true,\r\n\t\t\t\tautoplayTimeout: 3000,\r\n\t\t\t\tautoplayHoverPause: true,\r\n\t\t\t\tanimateIn: 'fadeIn',\r\n\t\t\t\tanimateOut: 'fadeOut',\r\n\t\t\t\tloop: true,\r\n\t\t\t\tmouseDrag: true,\r\n\t\t\t\ttouchDrag: true\r\n\t\t\t});\nowl.click( function () {\r\n                    owl.trigger( 'next.owl.carousel' );\r\n                } );});\n<\/script><\/div>\n","protected":false},"excerpt":{"rendered":"<p>Vljudno Vas in Va\u0161e prijatelje vabimo na predavanje popotnika in romarja Vida Kregarja z naslovom\u00a0Pe\u0161 v Salzburg na 170. obletnico \u0161kofovskega posve\u010denja bla\u017eenega Antona Martina Slom\u0161ka. Predavanje bo v torek, 20. septembra 2016 ob 19.30 v Galeriji me\u017enariji.<\/p>\n","protected":false},"author":4,"featured_media":0,"parent":361,"menu_order":0,"comment_status":"closed","ping_status":"closed","template":"","meta":{"footnotes":""},"class_list":["post-4472","page","type-page","status-publish","hentry"],"jetpack_sharing_enabled":true,"jetpack_shortlink":"https:\/\/wp.me\/P73nhm-1a8","jetpack-related-posts":[],"_links":{"self":[{"href":"https:\/\/www.kdfjm.si\/index.php?rest_route=\/wp\/v2\/pages\/4472","targetHints":{"allow":["GET"]}}],"collection":[{"href":"https:\/\/www.kdfjm.si\/index.php?rest_route=\/wp\/v2\/pages"}],"about":[{"href":"https:\/\/www.kdfjm.si\/index.php?rest_route=\/wp\/v2\/types\/page"}],"author":[{"embeddable":true,"href":"https:\/\/www.kdfjm.si\/index.php?rest_route=\/wp\/v2\/users\/4"}],"replies":[{"embeddable":true,"href":"https:\/\/www.kdfjm.si\/index.php?rest_route=%2Fwp%2Fv2%2Fcomments&post=4472"}],"version-history":[{"count":2,"href":"https:\/\/www.kdfjm.si\/index.php?rest_route=\/wp\/v2\/pages\/4472\/revisions"}],"predecessor-version":[{"id":4475,"href":"https:\/\/www.kdfjm.si\/index.php?rest_route=\/wp\/v2\/pages\/4472\/revisions\/4475"}],"up":[{"embeddable":true,"href":"https:\/\/www.kdfjm.si\/index.php?rest_route=\/wp\/v2\/pages\/361"}],"wp:attachment":[{"href":"https:\/\/www.kdfjm.si\/index.php?rest_route=%2Fwp%2Fv2%2Fmedia&parent=4472"}],"curies":[{"name":"wp","href":"https:\/\/api.w.org\/{rel}","templated":true}]}}