{"id":4438,"date":"2019-03-05T12:24:17","date_gmt":"2019-03-05T11:24:17","guid":{"rendered":"http:\/\/www.kdfjm.si\/?page_id=4438"},"modified":"2019-03-05T12:24:43","modified_gmt":"2019-03-05T11:24:43","slug":"sledi-svetlobe-2016","status":"publish","type":"page","link":"https:\/\/www.kdfjm.si\/?page_id=4438","title":{"rendered":"Sledi svetlobe 2016"},"content":{"rendered":"<p>Vljudno vas in va\u0161e prijatelje vabimo na odprtje fotografske razstave \u010dlanov Kulturnega dru\u0161tva Franca Jelov\u0161ka Menge\u0161 z naslovom Sledi svetlobe 2016 v petek, 30. decembra 2016 ob 18.30 h Galeriji CikCak na Trdinov trg 5 v Menge\u0161.<\/p>\n<div dir=\"ltr\">\n<div><\/div>\n<div>\n<div>Razstavljajo:<\/div>\n<div>Jo\u017ee Rot, Meta Skok, Andrej \u0160krlep, Katarina Marin Hribar, Luka \u0160krlep, Mihael Furjan, Fulvio Grisoni, Filip \u0160krlep, Luka Marke\u017e, Vili Hribar, Marjeta Korenjak, Jaka Korenjak, Peter \u0160krlep, Tamino Petelin\u0161ek.<\/div>\n<div><img data-recalc-dims=\"1\" loading=\"lazy\" decoding=\"async\" data-attachment-id=\"3969\" data-permalink=\"https:\/\/www.kdfjm.si\/?attachment_id=3969\" data-orig-file=\"https:\/\/i0.wp.com\/www.kdfjm.si\/wp-content\/uploads\/2016\/12\/PlakatSlediSvetlobe2016KDFJM.jpg?fit=1191%2C842&amp;ssl=1\" data-orig-size=\"1191,842\" data-comments-opened=\"0\" data-image-meta=\"{&quot;aperture&quot;:&quot;0&quot;,&quot;credit&quot;:&quot;&quot;,&quot;camera&quot;:&quot;&quot;,&quot;caption&quot;:&quot;&quot;,&quot;created_timestamp&quot;:&quot;0&quot;,&quot;copyright&quot;:&quot;&quot;,&quot;focal_length&quot;:&quot;0&quot;,&quot;iso&quot;:&quot;0&quot;,&quot;shutter_speed&quot;:&quot;0&quot;,&quot;title&quot;:&quot;&quot;,&quot;orientation&quot;:&quot;0&quot;}\" data-image-title=\"plakatsledisvetlobe2016kdfjm\" data-image-description=\"\" data-image-caption=\"\" data-large-file=\"https:\/\/i0.wp.com\/www.kdfjm.si\/wp-content\/uploads\/2016\/12\/PlakatSlediSvetlobe2016KDFJM.jpg?fit=1024%2C724&amp;ssl=1\" class=\"aligncenter wp-image-3969\" src=\"https:\/\/i0.wp.com\/www.kdfjm.si\/wp-content\/uploads\/2016\/12\/PlakatSlediSvetlobe2016KDFJM-300x212.jpg?resize=491%2C347\" alt=\"plakatsledisvetlobe2016kdfjm\" width=\"491\" height=\"347\" srcset=\"https:\/\/i0.wp.com\/www.kdfjm.si\/wp-content\/uploads\/2016\/12\/PlakatSlediSvetlobe2016KDFJM.jpg?resize=300%2C212&amp;ssl=1 300w, https:\/\/i0.wp.com\/www.kdfjm.si\/wp-content\/uploads\/2016\/12\/PlakatSlediSvetlobe2016KDFJM.jpg?resize=1024%2C724&amp;ssl=1 1024w, https:\/\/i0.wp.com\/www.kdfjm.si\/wp-content\/uploads\/2016\/12\/PlakatSlediSvetlobe2016KDFJM.jpg?w=1191&amp;ssl=1 1191w\" sizes=\"auto, (max-width: 491px) 100vw, 491px\" \/><\/div>\n<div>\n<p>Ob prihajajo\u010dem koncu leta 2016 smo odprli razstavo fotografij, ki celo leto vzdr\u017eijo spreminjajo\u010de se vremenske pogoje in na zidu Cik cak galerije ponujajo razko\u0161je barv in kontrastov. Vabljeni na ogled na prostem!<\/p>\n<div class=\"slideshow\"><div id=\"ngg_slideshow34644381\" class=\"ngg-slideshow owl-carousel\" style=\"max-width: 500px; max-height: 500px;\"><img data-recalc-dims=\"1\" decoding=\"async\" src=\"https:\/\/i0.wp.com\/www.kdfjm.si\/wp-content\/gallery\/odprtje-razstave-sledi-svetlobe-2016\/sledisvetlobe2016kdfjm-0677.jpg?ssl=1\" alt=\"sledisvetlobe2016kdfjm-0677\" style=\"max-width: 500px; max-height: 500px; width: auto; height:auto; margin:auto\"><img data-recalc-dims=\"1\" decoding=\"async\" src=\"https:\/\/i0.wp.com\/www.kdfjm.si\/wp-content\/gallery\/odprtje-razstave-sledi-svetlobe-2016\/sledisvetlobe2016kdfjm-0688.jpg?ssl=1\" alt=\"sledisvetlobe2016kdfjm-0688\" style=\"max-width: 500px; max-height: 500px; width: auto; height:auto; margin:auto\"><img data-recalc-dims=\"1\" decoding=\"async\" src=\"https:\/\/i0.wp.com\/www.kdfjm.si\/wp-content\/gallery\/odprtje-razstave-sledi-svetlobe-2016\/sledisvetlobe2016kdfjm-0701.jpg?ssl=1\" alt=\"sledisvetlobe2016kdfjm-0701\" style=\"max-width: 500px; max-height: 500px; width: auto; height:auto; margin:auto\"><img data-recalc-dims=\"1\" decoding=\"async\" src=\"https:\/\/i0.wp.com\/www.kdfjm.si\/wp-content\/gallery\/odprtje-razstave-sledi-svetlobe-2016\/sledisvetlobe2016kdfjm-0711.jpg?ssl=1\" alt=\"sledisvetlobe2016kdfjm-0711\" style=\"max-width: 500px; max-height: 500px; width: auto; height:auto; margin:auto\"><img data-recalc-dims=\"1\" decoding=\"async\" src=\"https:\/\/i0.wp.com\/www.kdfjm.si\/wp-content\/gallery\/odprtje-razstave-sledi-svetlobe-2016\/sledisvetlobe2016kdfjm-0742.jpg?ssl=1\" alt=\"sledisvetlobe2016kdfjm-0742\" style=\"max-width: 500px; max-height: 500px; width: auto; height:auto; margin:auto\"><img data-recalc-dims=\"1\" decoding=\"async\" src=\"https:\/\/i0.wp.com\/www.kdfjm.si\/wp-content\/gallery\/odprtje-razstave-sledi-svetlobe-2016\/sledisvetlobe2016kdfjm-0749.jpg?ssl=1\" alt=\"sledisvetlobe2016kdfjm-0749\" style=\"max-width: 500px; max-height: 500px; width: auto; height:auto; margin:auto\"><img data-recalc-dims=\"1\" decoding=\"async\" src=\"https:\/\/i0.wp.com\/www.kdfjm.si\/wp-content\/gallery\/odprtje-razstave-sledi-svetlobe-2016\/sledisvetlobe2016kdfjm-0751.jpg?ssl=1\" alt=\"sledisvetlobe2016kdfjm-0751\" style=\"max-width: 500px; max-height: 500px; width: auto; height:auto; margin:auto\"><img data-recalc-dims=\"1\" decoding=\"async\" src=\"https:\/\/i0.wp.com\/www.kdfjm.si\/wp-content\/gallery\/odprtje-razstave-sledi-svetlobe-2016\/sledisvetlobe2016kdfjm-0762.jpg?ssl=1\" alt=\"sledisvetlobe2016kdfjm-0762\" style=\"max-width: 500px; max-height: 500px; width: auto; height:auto; margin:auto\"><img data-recalc-dims=\"1\" decoding=\"async\" src=\"https:\/\/i0.wp.com\/www.kdfjm.si\/wp-content\/gallery\/odprtje-razstave-sledi-svetlobe-2016\/sledisvetlobe2016kdfjm-0770.jpg?ssl=1\" alt=\"sledisvetlobe2016kdfjm-0770\" style=\"max-width: 500px; max-height: 500px; width: auto; height:auto; margin:auto\"><img data-recalc-dims=\"1\" decoding=\"async\" src=\"https:\/\/i0.wp.com\/www.kdfjm.si\/wp-content\/gallery\/odprtje-razstave-sledi-svetlobe-2016\/sledisvetlobe2016kdfjm-0778.jpg?ssl=1\" alt=\"sledisvetlobe2016kdfjm-0778\" style=\"max-width: 500px; max-height: 500px; width: auto; height:auto; margin:auto\"><img data-recalc-dims=\"1\" decoding=\"async\" src=\"https:\/\/i0.wp.com\/www.kdfjm.si\/wp-content\/gallery\/odprtje-razstave-sledi-svetlobe-2016\/sledisvetlobe2016kdfjm-0787.jpg?ssl=1\" alt=\"sledisvetlobe2016kdfjm-0787\" style=\"max-width: 500px; max-height: 500px; width: auto; height:auto; margin:auto\"><img data-recalc-dims=\"1\" decoding=\"async\" src=\"https:\/\/i0.wp.com\/www.kdfjm.si\/wp-content\/gallery\/odprtje-razstave-sledi-svetlobe-2016\/sledisvetlobe2016kdfjm-0789.jpg?ssl=1\" alt=\"sledisvetlobe2016kdfjm-0789\" style=\"max-width: 500px; max-height: 500px; width: auto; height:auto; margin:auto\"><img data-recalc-dims=\"1\" decoding=\"async\" src=\"https:\/\/i0.wp.com\/www.kdfjm.si\/wp-content\/gallery\/odprtje-razstave-sledi-svetlobe-2016\/sledisvetlobe2016kdfjm-0824.jpg?ssl=1\" alt=\"sledisvetlobe2016kdfjm-0824\" style=\"max-width: 500px; max-height: 500px; width: auto; height:auto; margin:auto\"><img data-recalc-dims=\"1\" decoding=\"async\" src=\"https:\/\/i0.wp.com\/www.kdfjm.si\/wp-content\/gallery\/odprtje-razstave-sledi-svetlobe-2016\/sledisvetlobe2016kdfjm-0832.jpg?ssl=1\" alt=\"sledisvetlobe2016kdfjm-0832\" style=\"max-width: 500px; max-height: 500px; width: auto; height:auto; margin:auto\"><img data-recalc-dims=\"1\" decoding=\"async\" src=\"https:\/\/i0.wp.com\/www.kdfjm.si\/wp-content\/gallery\/odprtje-razstave-sledi-svetlobe-2016\/sledisvetlobe2016kdfjm-0840.jpg?ssl=1\" alt=\"sledisvetlobe2016kdfjm-0840\" style=\"max-width: 500px; max-height: 500px; width: auto; height:auto; margin:auto\"><img data-recalc-dims=\"1\" decoding=\"async\" src=\"https:\/\/i0.wp.com\/www.kdfjm.si\/wp-content\/gallery\/odprtje-razstave-sledi-svetlobe-2016\/sledisvetlobe2016kdfjm-0858.jpg?ssl=1\" alt=\"sledisvetlobe2016kdfjm-0858\" style=\"max-width: 500px; max-height: 500px; width: auto; height:auto; margin:auto\"><img data-recalc-dims=\"1\" decoding=\"async\" src=\"https:\/\/i0.wp.com\/www.kdfjm.si\/wp-content\/gallery\/odprtje-razstave-sledi-svetlobe-2016\/sledisvetlobe2016kdfjm-0866.jpg?ssl=1\" alt=\"sledisvetlobe2016kdfjm-0866\" style=\"max-width: 500px; max-height: 500px; width: auto; height:auto; margin:auto\"><\/div><\/div>\n\n<script type=\"text\/javascript\">jQuery(document).ready(function($) {\r\n\t\t\tvar owl = $('#ngg_slideshow34644381');\r\n\t\t\towl.owlCarousel({\r\n\t\t\t\titems: 1,\r\n\t\t\t\tautoHeight: false,\r\n\t            dots: true,\r\n\t            autoplay: true,\r\n\t\t\t\tautoplayTimeout: 3000,\r\n\t\t\t\tautoplayHoverPause: true,\r\n\t\t\t\tanimateIn: 'fadeIn',\r\n\t\t\t\tanimateOut: 'fadeOut',\r\n\t\t\t\tloop: true,\r\n\t\t\t\tmouseDrag: true,\r\n\t\t\t\ttouchDrag: true\r\n\t\t\t});\nowl.click( function () {\r\n                    owl.trigger( 'next.owl.carousel' );\r\n                } );});\n<\/script>\n<\/div>\n<div><\/div>\n<\/div>\n<\/div>\n","protected":false},"excerpt":{"rendered":"<p>Vljudno vas in va\u0161e prijatelje vabimo na odprtje fotografske razstave \u010dlanov Kulturnega dru\u0161tva Franca Jelov\u0161ka Menge\u0161 z naslovom Sledi svetlobe 2016 v petek, 30. decembra 2016 ob 18.30 h Galeriji CikCak na Trdinov trg 5 v Menge\u0161. Razstavljajo: Jo\u017ee Rot, Meta Skok, Andrej \u0160krlep, Katarina Marin Hribar, Luka \u0160krlep, Mihael Furjan, Fulvio Grisoni, Filip \u0160krlep, [&hellip;]<\/p>\n","protected":false},"author":4,"featured_media":0,"parent":448,"menu_order":0,"comment_status":"closed","ping_status":"closed","template":"","meta":{"footnotes":""},"class_list":["post-4438","page","type-page","status-publish","hentry"],"jetpack_sharing_enabled":true,"jetpack_shortlink":"https:\/\/wp.me\/P73nhm-19A","jetpack-related-posts":[],"_links":{"self":[{"href":"https:\/\/www.kdfjm.si\/index.php?rest_route=\/wp\/v2\/pages\/4438","targetHints":{"allow":["GET"]}}],"collection":[{"href":"https:\/\/www.kdfjm.si\/index.php?rest_route=\/wp\/v2\/pages"}],"about":[{"href":"https:\/\/www.kdfjm.si\/index.php?rest_route=\/wp\/v2\/types\/page"}],"author":[{"embeddable":true,"href":"https:\/\/www.kdfjm.si\/index.php?rest_route=\/wp\/v2\/users\/4"}],"replies":[{"embeddable":true,"href":"https:\/\/www.kdfjm.si\/index.php?rest_route=%2Fwp%2Fv2%2Fcomments&post=4438"}],"version-history":[{"count":1,"href":"https:\/\/www.kdfjm.si\/index.php?rest_route=\/wp\/v2\/pages\/4438\/revisions"}],"predecessor-version":[{"id":4439,"href":"https:\/\/www.kdfjm.si\/index.php?rest_route=\/wp\/v2\/pages\/4438\/revisions\/4439"}],"up":[{"embeddable":true,"href":"https:\/\/www.kdfjm.si\/index.php?rest_route=\/wp\/v2\/pages\/448"}],"wp:attachment":[{"href":"https:\/\/www.kdfjm.si\/index.php?rest_route=%2Fwp%2Fv2%2Fmedia&parent=4438"}],"curies":[{"name":"wp","href":"https:\/\/api.w.org\/{rel}","templated":true}]}}