{"id":4376,"date":"2019-03-05T10:35:27","date_gmt":"2019-03-05T09:35:27","guid":{"rendered":"http:\/\/www.kdfjm.si\/?page_id=4376"},"modified":"2019-03-05T11:07:53","modified_gmt":"2019-03-05T10:07:53","slug":"prva-delavnica-izdelovanja-jaslic","status":"publish","type":"page","link":"https:\/\/www.kdfjm.si\/?page_id=4376","title":{"rendered":"Prva delavnica izdelovanja jaslic"},"content":{"rendered":"<p>Izdelujemo jaslice iz gline. Prvi\u010d smo se zbrali v soboto, 9. decembra 2017 ob 16.30. Drugi del delavnice bo potekal v soboto, 16.decembra ob 10. uri v kletnih prostorih dru\u0161tva KDFJM. Lepo vabljeni!<\/p>\n<div class=\"slideshow\"><div id=\"ngg_slideshow36643761\" class=\"ngg-slideshow owl-carousel\" style=\"max-width: 500px; max-height: 500px;\"><img data-recalc-dims=\"1\" decoding=\"async\" src=\"https:\/\/i0.wp.com\/www.kdfjm.si\/wp-content\/gallery\/izdelovanje-jaslic-1-del-2017\/jaslice_delavnica_kdfjm_foto_peter_skrlep_2017-8732.jpg?ssl=1\" alt=\"jaslice_delavnica_kdfjm_foto_peter_skrlep_2017-8732\" style=\"max-width: 500px; max-height: 500px; width: auto; height:auto; margin:auto\"><img data-recalc-dims=\"1\" decoding=\"async\" src=\"https:\/\/i0.wp.com\/www.kdfjm.si\/wp-content\/gallery\/izdelovanje-jaslic-1-del-2017\/jaslice_delavnica_kdfjm_foto_peter_skrlep_2017-8739.jpg?ssl=1\" alt=\"jaslice_delavnica_kdfjm_foto_peter_skrlep_2017-8739\" style=\"max-width: 500px; max-height: 500px; width: auto; height:auto; margin:auto\"><img data-recalc-dims=\"1\" decoding=\"async\" src=\"https:\/\/i0.wp.com\/www.kdfjm.si\/wp-content\/gallery\/izdelovanje-jaslic-1-del-2017\/jaslice_delavnica_kdfjm_foto_peter_skrlep_2017-8742.jpg?ssl=1\" alt=\"jaslice_delavnica_kdfjm_foto_peter_skrlep_2017-8742\" style=\"max-width: 500px; max-height: 500px; width: auto; height:auto; margin:auto\"><img data-recalc-dims=\"1\" decoding=\"async\" src=\"https:\/\/i0.wp.com\/www.kdfjm.si\/wp-content\/gallery\/izdelovanje-jaslic-1-del-2017\/jaslice_delavnica_kdfjm_foto_peter_skrlep_2017-8750.jpg?ssl=1\" alt=\"jaslice_delavnica_kdfjm_foto_peter_skrlep_2017-8750\" style=\"max-width: 500px; max-height: 500px; width: auto; height:auto; margin:auto\"><img data-recalc-dims=\"1\" decoding=\"async\" src=\"https:\/\/i0.wp.com\/www.kdfjm.si\/wp-content\/gallery\/izdelovanje-jaslic-1-del-2017\/jaslice_delavnica_kdfjm_foto_peter_skrlep_2017-8759.jpg?ssl=1\" alt=\"jaslice_delavnica_kdfjm_foto_peter_skrlep_2017-8759\" style=\"max-width: 500px; max-height: 500px; width: auto; height:auto; margin:auto\"><img data-recalc-dims=\"1\" decoding=\"async\" src=\"https:\/\/i0.wp.com\/www.kdfjm.si\/wp-content\/gallery\/izdelovanje-jaslic-1-del-2017\/jaslice_delavnica_kdfjm_foto_peter_skrlep_2017-8762.jpg?ssl=1\" alt=\"jaslice_delavnica_kdfjm_foto_peter_skrlep_2017-8762\" style=\"max-width: 500px; max-height: 500px; width: auto; height:auto; margin:auto\"><img data-recalc-dims=\"1\" decoding=\"async\" src=\"https:\/\/i0.wp.com\/www.kdfjm.si\/wp-content\/gallery\/izdelovanje-jaslic-1-del-2017\/jaslice_delavnica_kdfjm_foto_peter_skrlep_2017-8763.jpg?ssl=1\" alt=\"jaslice_delavnica_kdfjm_foto_peter_skrlep_2017-8763\" style=\"max-width: 500px; max-height: 500px; width: auto; height:auto; margin:auto\"><\/div><\/div>\n\n<script type=\"text\/javascript\">jQuery(document).ready(function($) {\r\n\t\t\tvar owl = $('#ngg_slideshow36643761');\r\n\t\t\towl.owlCarousel({\r\n\t\t\t\titems: 1,\r\n\t\t\t\tautoHeight: false,\r\n\t            dots: true,\r\n\t            autoplay: true,\r\n\t\t\t\tautoplayTimeout: 3000,\r\n\t\t\t\tautoplayHoverPause: true,\r\n\t\t\t\tanimateIn: 'fadeIn',\r\n\t\t\t\tanimateOut: 'fadeOut',\r\n\t\t\t\tloop: true,\r\n\t\t\t\tmouseDrag: true,\r\n\t\t\t\ttouchDrag: true\r\n\t\t\t});\nowl.click( function () {\r\n                    owl.trigger( 'next.owl.carousel' );\r\n                } );});\n<\/script>\n<p>Vas in Va\u0161e prijatelje vabimo na likovno delavnico <strong>Izdelovanje jaslic v glini<\/strong> pod vodstvom Mihaela Furjana, ki bo v soboto, 16. decembra 2017 ob 10. uri v dru\u0161tvenih prostorih Kulturnega dru\u0161tva Franca Jelov\u0161ka Menge\u0161 na Slovenski cesti 30 v Meng\u0161u.<\/p>\n","protected":false},"excerpt":{"rendered":"<p>Izdelujemo jaslice iz gline. Prvi\u010d smo se zbrali v soboto, 9. decembra 2017 ob 16.30. Drugi del delavnice bo potekal v soboto, 16.decembra ob 10. uri v kletnih prostorih dru\u0161tva KDFJM. Lepo vabljeni! Vas in Va\u0161e prijatelje vabimo na likovno delavnico Izdelovanje jaslic v glini pod vodstvom Mihaela Furjana, ki bo v soboto, 16. decembra [&hellip;]<\/p>\n","protected":false},"author":4,"featured_media":0,"parent":299,"menu_order":0,"comment_status":"closed","ping_status":"closed","template":"","meta":{"footnotes":""},"class_list":["post-4376","page","type-page","status-publish","hentry"],"jetpack_sharing_enabled":true,"jetpack_shortlink":"https:\/\/wp.me\/P73nhm-18A","jetpack-related-posts":[],"_links":{"self":[{"href":"https:\/\/www.kdfjm.si\/index.php?rest_route=\/wp\/v2\/pages\/4376","targetHints":{"allow":["GET"]}}],"collection":[{"href":"https:\/\/www.kdfjm.si\/index.php?rest_route=\/wp\/v2\/pages"}],"about":[{"href":"https:\/\/www.kdfjm.si\/index.php?rest_route=\/wp\/v2\/types\/page"}],"author":[{"embeddable":true,"href":"https:\/\/www.kdfjm.si\/index.php?rest_route=\/wp\/v2\/users\/4"}],"replies":[{"embeddable":true,"href":"https:\/\/www.kdfjm.si\/index.php?rest_route=%2Fwp%2Fv2%2Fcomments&post=4376"}],"version-history":[{"count":3,"href":"https:\/\/www.kdfjm.si\/index.php?rest_route=\/wp\/v2\/pages\/4376\/revisions"}],"predecessor-version":[{"id":4380,"href":"https:\/\/www.kdfjm.si\/index.php?rest_route=\/wp\/v2\/pages\/4376\/revisions\/4380"}],"up":[{"embeddable":true,"href":"https:\/\/www.kdfjm.si\/index.php?rest_route=\/wp\/v2\/pages\/299"}],"wp:attachment":[{"href":"https:\/\/www.kdfjm.si\/index.php?rest_route=%2Fwp%2Fv2%2Fmedia&parent=4376"}],"curies":[{"name":"wp","href":"https:\/\/api.w.org\/{rel}","templated":true}]}}