{"id":3600,"date":"2015-10-12T09:47:49","date_gmt":"2015-10-12T08:47:49","guid":{"rendered":"http:\/\/www.kdfjm.si\/?page_id=3600"},"modified":"2015-10-12T09:50:07","modified_gmt":"2015-10-12T08:50:07","slug":"ureditev-okolice-jelenove-kapelice-v-malem-mengsu","status":"publish","type":"page","link":"https:\/\/www.kdfjm.si\/?page_id=3600","title":{"rendered":"Ureditev okolice Jelenove kapelice v Malem Meng\u0161u"},"content":{"rendered":"<div>Mestni muzej Menge\u0161, Kulturno dru\u0161tvo Franca Jelov\u0161ka Menge\u0161 in Primer d.o.o. smo zaslu\u017eni za\u00a0ureditev okolice Jelenove kapelice v Malem Meng\u0161u.<\/div>\n<div>Mestni muzej Menge\u0161 je predlagal Ob\u010dini Menge\u0161 natan\u010den PZI na\u010drt\u00a0ureditve okolice Jelenove kapelice v Malem Meng\u0161u,\u00a0ki ga je izdelal Peter \u0160krlep, Primer d.o.o., s\u00a0pomo\u010dniki.<\/div>\n<div>Hvala Mitju Dolin\u0161ku za zaupanje, izvajalcem pa za predanost in potrpe\u017eljivost.<\/div>\n<div><div class=\"slideshow\"><div id=\"ngg_slideshow31036001\" class=\"ngg-slideshow owl-carousel\" style=\"max-width: px; max-height: px;\"><img data-recalc-dims=\"1\" decoding=\"async\" src=\"https:\/\/i0.wp.com\/www.kdfjm.si\/wp-content\/gallery\/ureditev-okolice-jelenove-kapelice\/jelenovakapelicamengesfotopeterskrlep2015-0009.jpg?ssl=1\" alt=\"jelenovakapelicamengesfotopeterskrlep2015-0009\" style=\"max-width: px; max-height: px; width: auto; height:auto; margin:auto\"><img data-recalc-dims=\"1\" decoding=\"async\" src=\"https:\/\/i0.wp.com\/www.kdfjm.si\/wp-content\/gallery\/ureditev-okolice-jelenove-kapelice\/jelenovakapelicamengesfotopeterskrlep2015-0020.jpg?ssl=1\" alt=\"jelenovakapelicamengesfotopeterskrlep2015-0020\" style=\"max-width: px; max-height: px; width: auto; height:auto; margin:auto\"><img data-recalc-dims=\"1\" decoding=\"async\" src=\"https:\/\/i0.wp.com\/www.kdfjm.si\/wp-content\/gallery\/ureditev-okolice-jelenove-kapelice\/jelenovakapelicamengesfotopeterskrlep2015-0027.jpg?ssl=1\" alt=\"jelenovakapelicamengesfotopeterskrlep2015-0027\" style=\"max-width: px; max-height: px; width: auto; height:auto; margin:auto\"><img data-recalc-dims=\"1\" decoding=\"async\" src=\"https:\/\/i0.wp.com\/www.kdfjm.si\/wp-content\/gallery\/ureditev-okolice-jelenove-kapelice\/jelenovakapelicamengesfotopeterskrlep2015-2-2.jpg?ssl=1\" alt=\"jelenovakapelicamengesfotopeterskrlep2015-2-2\" style=\"max-width: px; max-height: px; width: auto; height:auto; margin:auto\"><img data-recalc-dims=\"1\" decoding=\"async\" src=\"https:\/\/i0.wp.com\/www.kdfjm.si\/wp-content\/gallery\/ureditev-okolice-jelenove-kapelice\/jelenovakapelicamengesfotopeterskrlep2015-2.jpg?ssl=1\" alt=\"jelenovakapelicamengesfotopeterskrlep2015-2\" style=\"max-width: px; max-height: px; width: auto; height:auto; margin:auto\"><\/div><\/div>\n\n<script type=\"text\/javascript\">jQuery(document).ready(function($) {\r\n\t\t\tvar owl = $('#ngg_slideshow31036001');\r\n\t\t\towl.owlCarousel({\r\n\t\t\t\titems: 1,\r\n\t\t\t\tautoHeight: false,\r\n\t            dots: true,\r\n\t            autoplay: true,\r\n\t\t\t\tautoplayTimeout: 3000,\r\n\t\t\t\tautoplayHoverPause: true,\r\n\t\t\t\tanimateIn: 'fadeIn',\r\n\t\t\t\tanimateOut: 'fadeOut',\r\n\t\t\t\tloop: true,\r\n\t\t\t\tmouseDrag: true,\r\n\t\t\t\ttouchDrag: true\r\n\t\t\t});\nowl.click( function () {\r\n                    owl.trigger( 'next.owl.carousel' );\r\n                } );});\n<\/script><\/div>\n","protected":false},"excerpt":{"rendered":"<p>Mestni muzej Menge\u0161, Kulturno dru\u0161tvo Franca Jelov\u0161ka Menge\u0161 in Primer d.o.o. smo zaslu\u017eni za\u00a0ureditev okolice Jelenove kapelice v Malem Meng\u0161u. Mestni muzej Menge\u0161 je predlagal Ob\u010dini Menge\u0161 natan\u010den PZI na\u010drt\u00a0ureditve okolice Jelenove kapelice v Malem Meng\u0161u,\u00a0ki ga je izdelal Peter \u0160krlep, Primer d.o.o., s\u00a0pomo\u010dniki. Hvala Mitju Dolin\u0161ku za zaupanje, izvajalcem pa za predanost in potrpe\u017eljivost.<\/p>\n","protected":false},"author":4,"featured_media":0,"parent":258,"menu_order":0,"comment_status":"closed","ping_status":"closed","template":"","meta":{"footnotes":""},"class_list":["post-3600","page","type-page","status-publish","hentry"],"jetpack_sharing_enabled":true,"jetpack_shortlink":"https:\/\/wp.me\/P73nhm-W4","jetpack-related-posts":[],"_links":{"self":[{"href":"https:\/\/www.kdfjm.si\/index.php?rest_route=\/wp\/v2\/pages\/3600","targetHints":{"allow":["GET"]}}],"collection":[{"href":"https:\/\/www.kdfjm.si\/index.php?rest_route=\/wp\/v2\/pages"}],"about":[{"href":"https:\/\/www.kdfjm.si\/index.php?rest_route=\/wp\/v2\/types\/page"}],"author":[{"embeddable":true,"href":"https:\/\/www.kdfjm.si\/index.php?rest_route=\/wp\/v2\/users\/4"}],"replies":[{"embeddable":true,"href":"https:\/\/www.kdfjm.si\/index.php?rest_route=%2Fwp%2Fv2%2Fcomments&post=3600"}],"version-history":[{"count":1,"href":"https:\/\/www.kdfjm.si\/index.php?rest_route=\/wp\/v2\/pages\/3600\/revisions"}],"predecessor-version":[{"id":3601,"href":"https:\/\/www.kdfjm.si\/index.php?rest_route=\/wp\/v2\/pages\/3600\/revisions\/3601"}],"up":[{"embeddable":true,"href":"https:\/\/www.kdfjm.si\/index.php?rest_route=\/wp\/v2\/pages\/258"}],"wp:attachment":[{"href":"https:\/\/www.kdfjm.si\/index.php?rest_route=%2Fwp%2Fv2%2Fmedia&parent=3600"}],"curies":[{"name":"wp","href":"https:\/\/api.w.org\/{rel}","templated":true}]}}