{"id":3597,"date":"2015-10-12T09:33:08","date_gmt":"2015-10-12T08:33:08","guid":{"rendered":"http:\/\/www.kdfjm.si\/?page_id=3597"},"modified":"2015-10-12T09:44:30","modified_gmt":"2015-10-12T08:44:30","slug":"oratorij-v-grosupljem","status":"publish","type":"page","link":"https:\/\/www.kdfjm.si\/?page_id=3597","title":{"rendered":"Oratorij v Grosupljem"},"content":{"rendered":"<p>Na povabilo grosupeljskih animatorjev in njihovega kaplana, na\u0161ega rojaka Matev\u017ea Mehleta, smo sodelovali na oratoriju z izdelovanjem mozaikov na pokrove za meteorno vodo. Otroci so bili navdu\u0161eni, ko so spoznali novo idejo polaganja razbitih ko\u0161\u010dkov plo\u0161\u010dic in kamen\u010dkov v li\u010dno zaokro\u017eeno celoto.<\/p><div class=\"slideshow\"><div id=\"ngg_slideshow30435971\" class=\"ngg-slideshow owl-carousel\" style=\"max-width: px; max-height: px;\"><img data-recalc-dims=\"1\" decoding=\"async\" src=\"https:\/\/i0.wp.com\/www.kdfjm.si\/wp-content\/gallery\/mozaiki-grosuplje-2015\/mozaikigrosupljekdfjm2015-4784.jpg?ssl=1\" alt=\"mozaikigrosupljekdfjm2015-4784\" style=\"max-width: px; max-height: px; width: auto; height:auto; margin:auto\"><img data-recalc-dims=\"1\" decoding=\"async\" src=\"https:\/\/i0.wp.com\/www.kdfjm.si\/wp-content\/gallery\/mozaiki-grosuplje-2015\/mozaikigrosupljekdfjm2015-4786.jpg?ssl=1\" alt=\"mozaikigrosupljekdfjm2015-4786\" style=\"max-width: px; max-height: px; width: auto; height:auto; margin:auto\"><img data-recalc-dims=\"1\" decoding=\"async\" src=\"https:\/\/i0.wp.com\/www.kdfjm.si\/wp-content\/gallery\/mozaiki-grosuplje-2015\/mozaikigrosupljekdfjm2015-4782.jpg?ssl=1\" alt=\"mozaikigrosupljekdfjm2015-4782\" style=\"max-width: px; max-height: px; width: auto; height:auto; margin:auto\"><img data-recalc-dims=\"1\" decoding=\"async\" src=\"https:\/\/i0.wp.com\/www.kdfjm.si\/wp-content\/gallery\/mozaiki-grosuplje-2015\/mozaikigrosupljekdfjm2015-4789.jpg?ssl=1\" alt=\"mozaikigrosupljekdfjm2015-4789\" style=\"max-width: px; max-height: px; width: auto; height:auto; margin:auto\"><img data-recalc-dims=\"1\" decoding=\"async\" src=\"https:\/\/i0.wp.com\/www.kdfjm.si\/wp-content\/gallery\/mozaiki-grosuplje-2015\/mozaikigrosupljekdfjm2015-4792.jpg?ssl=1\" alt=\"mozaikigrosupljekdfjm2015-4792\" style=\"max-width: px; max-height: px; width: auto; height:auto; margin:auto\"><img data-recalc-dims=\"1\" decoding=\"async\" src=\"https:\/\/i0.wp.com\/www.kdfjm.si\/wp-content\/gallery\/mozaiki-grosuplje-2015\/mozaikigrosupljekdfjm2015-4794.jpg?ssl=1\" alt=\"mozaikigrosupljekdfjm2015-4794\" style=\"max-width: px; max-height: px; width: auto; height:auto; margin:auto\"><img data-recalc-dims=\"1\" decoding=\"async\" src=\"https:\/\/i0.wp.com\/www.kdfjm.si\/wp-content\/gallery\/mozaiki-grosuplje-2015\/mozaikioratorijgrosupljekdfjm2015-4817.jpg?ssl=1\" alt=\"mozaikioratorijgrosupljekdfjm2015-4817\" style=\"max-width: px; max-height: px; width: auto; height:auto; margin:auto\"><img data-recalc-dims=\"1\" decoding=\"async\" src=\"https:\/\/i0.wp.com\/www.kdfjm.si\/wp-content\/gallery\/mozaiki-grosuplje-2015\/mozaikioratorijgrosupljekdfjm2015-4818.jpg?ssl=1\" alt=\"mozaikioratorijgrosupljekdfjm2015-4818\" style=\"max-width: px; max-height: px; width: auto; height:auto; margin:auto\"><img data-recalc-dims=\"1\" decoding=\"async\" src=\"https:\/\/i0.wp.com\/www.kdfjm.si\/wp-content\/gallery\/mozaiki-grosuplje-2015\/mozaikioratorijgrosupljekdfjm2015-4821.jpg?ssl=1\" alt=\"mozaikioratorijgrosupljekdfjm2015-4821\" style=\"max-width: px; max-height: px; width: auto; height:auto; margin:auto\"><img data-recalc-dims=\"1\" decoding=\"async\" src=\"https:\/\/i0.wp.com\/www.kdfjm.si\/wp-content\/gallery\/mozaiki-grosuplje-2015\/mozaikioratorijgrosupljekdfjm2015-4824.jpg?ssl=1\" alt=\"mozaikioratorijgrosupljekdfjm2015-4824\" style=\"max-width: px; max-height: px; width: auto; height:auto; margin:auto\"><img data-recalc-dims=\"1\" decoding=\"async\" src=\"https:\/\/i0.wp.com\/www.kdfjm.si\/wp-content\/gallery\/mozaiki-grosuplje-2015\/mozaikioratorijgrosupljekdfjm2015-4828.jpg?ssl=1\" alt=\"mozaikioratorijgrosupljekdfjm2015-4828\" style=\"max-width: px; max-height: px; width: auto; height:auto; margin:auto\"><img data-recalc-dims=\"1\" decoding=\"async\" src=\"https:\/\/i0.wp.com\/www.kdfjm.si\/wp-content\/gallery\/mozaiki-grosuplje-2015\/mozaikioratorijgrosupljekdfjm2015-4830.jpg?ssl=1\" alt=\"mozaikioratorijgrosupljekdfjm2015-4830\" style=\"max-width: px; max-height: px; width: auto; height:auto; margin:auto\"><img data-recalc-dims=\"1\" decoding=\"async\" src=\"https:\/\/i0.wp.com\/www.kdfjm.si\/wp-content\/gallery\/mozaiki-grosuplje-2015\/mozaikioratorijgrosupljekdfjm2015-4831.jpg?ssl=1\" alt=\"mozaikioratorijgrosupljekdfjm2015-4831\" style=\"max-width: px; max-height: px; width: auto; height:auto; margin:auto\"><img data-recalc-dims=\"1\" decoding=\"async\" src=\"https:\/\/i0.wp.com\/www.kdfjm.si\/wp-content\/gallery\/mozaiki-grosuplje-2015\/mozaikioratorijgrosupljekdfjm2015-4839.jpg?ssl=1\" alt=\"mozaikioratorijgrosupljekdfjm2015-4839\" style=\"max-width: px; max-height: px; width: auto; height:auto; margin:auto\"><img data-recalc-dims=\"1\" decoding=\"async\" src=\"https:\/\/i0.wp.com\/www.kdfjm.si\/wp-content\/gallery\/mozaiki-grosuplje-2015\/mozaikioratorijgrosupljekdfjm2015-4847.jpg?ssl=1\" alt=\"mozaikioratorijgrosupljekdfjm2015-4847\" style=\"max-width: px; max-height: px; width: auto; height:auto; margin:auto\"><img data-recalc-dims=\"1\" decoding=\"async\" src=\"https:\/\/i0.wp.com\/www.kdfjm.si\/wp-content\/gallery\/mozaiki-grosuplje-2015\/mozaikioratorijgrosupljekdfjm2015-4848.jpg?ssl=1\" alt=\"mozaikioratorijgrosupljekdfjm2015-4848\" style=\"max-width: px; max-height: px; width: auto; height:auto; margin:auto\"><img data-recalc-dims=\"1\" decoding=\"async\" src=\"https:\/\/i0.wp.com\/www.kdfjm.si\/wp-content\/gallery\/mozaiki-grosuplje-2015\/mozaikioratorijgrosupljekdfjm2015-4849.jpg?ssl=1\" alt=\"mozaikioratorijgrosupljekdfjm2015-4849\" style=\"max-width: px; max-height: px; width: auto; height:auto; margin:auto\"><img data-recalc-dims=\"1\" decoding=\"async\" src=\"https:\/\/i0.wp.com\/www.kdfjm.si\/wp-content\/gallery\/mozaiki-grosuplje-2015\/mozaikioratorijgrosupljekdfjm2015-4853.jpg?ssl=1\" alt=\"mozaikioratorijgrosupljekdfjm2015-4853\" style=\"max-width: px; max-height: px; width: auto; height:auto; margin:auto\"><img data-recalc-dims=\"1\" decoding=\"async\" src=\"https:\/\/i0.wp.com\/www.kdfjm.si\/wp-content\/gallery\/mozaiki-grosuplje-2015\/mozaikioratorijgrosupljekdfjm2015-4854.jpg?ssl=1\" alt=\"mozaikioratorijgrosupljekdfjm2015-4854\" style=\"max-width: px; max-height: px; width: auto; height:auto; margin:auto\"><img data-recalc-dims=\"1\" decoding=\"async\" src=\"https:\/\/i0.wp.com\/www.kdfjm.si\/wp-content\/gallery\/mozaiki-grosuplje-2015\/mozaikioratorijgrosupljekdfjm2015-4856.jpg?ssl=1\" alt=\"mozaikioratorijgrosupljekdfjm2015-4856\" style=\"max-width: px; max-height: px; width: auto; height:auto; margin:auto\"><\/div><\/div>\n\n<script type=\"text\/javascript\">jQuery(document).ready(function($) {\r\n\t\t\tvar owl = $('#ngg_slideshow30435971');\r\n\t\t\towl.owlCarousel({\r\n\t\t\t\titems: 1,\r\n\t\t\t\tautoHeight: false,\r\n\t            dots: true,\r\n\t            autoplay: true,\r\n\t\t\t\tautoplayTimeout: 3000,\r\n\t\t\t\tautoplayHoverPause: true,\r\n\t\t\t\tanimateIn: 'fadeIn',\r\n\t\t\t\tanimateOut: 'fadeOut',\r\n\t\t\t\tloop: true,\r\n\t\t\t\tmouseDrag: true,\r\n\t\t\t\ttouchDrag: true\r\n\t\t\t});\nowl.click( function () {\r\n                    owl.trigger( 'next.owl.carousel' );\r\n                } );});\n<\/script>","protected":false},"excerpt":{"rendered":"<p>Na povabilo grosupeljskih animatorjev in njihovega kaplana, na\u0161ega rojaka Matev\u017ea Mehleta, smo sodelovali na oratoriju z izdelovanjem mozaikov na pokrove za meteorno vodo. Otroci so bili navdu\u0161eni, ko so spoznali novo idejo polaganja razbitih ko\u0161\u010dkov plo\u0161\u010dic in kamen\u010dkov v li\u010dno zaokro\u017eeno celoto.<\/p>\n","protected":false},"author":4,"featured_media":0,"parent":299,"menu_order":0,"comment_status":"closed","ping_status":"closed","template":"","meta":{"footnotes":""},"class_list":["post-3597","page","type-page","status-publish","hentry"],"jetpack_sharing_enabled":true,"jetpack_shortlink":"https:\/\/wp.me\/P73nhm-W1","jetpack-related-posts":[],"_links":{"self":[{"href":"https:\/\/www.kdfjm.si\/index.php?rest_route=\/wp\/v2\/pages\/3597","targetHints":{"allow":["GET"]}}],"collection":[{"href":"https:\/\/www.kdfjm.si\/index.php?rest_route=\/wp\/v2\/pages"}],"about":[{"href":"https:\/\/www.kdfjm.si\/index.php?rest_route=\/wp\/v2\/types\/page"}],"author":[{"embeddable":true,"href":"https:\/\/www.kdfjm.si\/index.php?rest_route=\/wp\/v2\/users\/4"}],"replies":[{"embeddable":true,"href":"https:\/\/www.kdfjm.si\/index.php?rest_route=%2Fwp%2Fv2%2Fcomments&post=3597"}],"version-history":[{"count":1,"href":"https:\/\/www.kdfjm.si\/index.php?rest_route=\/wp\/v2\/pages\/3597\/revisions"}],"predecessor-version":[{"id":3598,"href":"https:\/\/www.kdfjm.si\/index.php?rest_route=\/wp\/v2\/pages\/3597\/revisions\/3598"}],"up":[{"embeddable":true,"href":"https:\/\/www.kdfjm.si\/index.php?rest_route=\/wp\/v2\/pages\/299"}],"wp:attachment":[{"href":"https:\/\/www.kdfjm.si\/index.php?rest_route=%2Fwp%2Fv2%2Fmedia&parent=3597"}],"curies":[{"name":"wp","href":"https:\/\/api.w.org\/{rel}","templated":true}]}}