{"id":3154,"date":"2015-03-11T13:06:35","date_gmt":"2015-03-11T12:06:35","guid":{"rendered":"http:\/\/www.kdfjm.si\/?page_id=3154"},"modified":"2015-10-11T21:29:22","modified_gmt":"2015-10-11T20:29:22","slug":"odprtje-dokumentarne-razstave-o-janezu-puharju","status":"publish","type":"page","link":"https:\/\/www.kdfjm.si\/?page_id=3154","title":{"rendered":"Dokumentarna razstava o Janezu Puharju"},"content":{"rendered":"<p><a href=\"https:\/\/i0.wp.com\/www.kdfjm.si\/wp-content\/uploads\/2014\/03\/puhar.jpeg\"><img data-recalc-dims=\"1\" loading=\"lazy\" decoding=\"async\" data-attachment-id=\"2502\" data-permalink=\"https:\/\/www.kdfjm.si\/?attachment_id=2502\" data-orig-file=\"https:\/\/i0.wp.com\/www.kdfjm.si\/wp-content\/uploads\/2014\/03\/puhar.jpeg?fit=794%2C624&amp;ssl=1\" data-orig-size=\"794,624\" data-comments-opened=\"1\" data-image-meta=\"{&quot;aperture&quot;:&quot;0&quot;,&quot;credit&quot;:&quot;&quot;,&quot;camera&quot;:&quot;&quot;,&quot;caption&quot;:&quot;&quot;,&quot;created_timestamp&quot;:&quot;0&quot;,&quot;copyright&quot;:&quot;&quot;,&quot;focal_length&quot;:&quot;0&quot;,&quot;iso&quot;:&quot;0&quot;,&quot;shutter_speed&quot;:&quot;0&quot;,&quot;title&quot;:&quot;&quot;}\" data-image-title=\"puhar\" data-image-description=\"\" data-image-caption=\"\" data-large-file=\"https:\/\/i0.wp.com\/www.kdfjm.si\/wp-content\/uploads\/2014\/03\/puhar.jpeg?fit=794%2C624&amp;ssl=1\" class=\"aligncenter wp-image-2502 \" src=\"https:\/\/i0.wp.com\/www.kdfjm.si\/wp-content\/uploads\/2014\/03\/puhar-300x235.jpeg?resize=442%2C347\" alt=\"puhar\" width=\"442\" height=\"347\" srcset=\"https:\/\/i0.wp.com\/www.kdfjm.si\/wp-content\/uploads\/2014\/03\/puhar.jpeg?resize=300%2C235&amp;ssl=1 300w, https:\/\/i0.wp.com\/www.kdfjm.si\/wp-content\/uploads\/2014\/03\/puhar.jpeg?w=794&amp;ssl=1 794w\" sizes=\"auto, (max-width: 442px) 100vw, 442px\" \/><\/a><\/p>\n<p>Kulturno dru\u0161tvo Franca Jelov\u0161ka Menge\u0161 in Gorenjski Muzej sta v Galeriji Pre\u0161ernove hi\u0161e v Kranju odprla razstavo ob dvestoletnici rojstva prvega slovenskega fotografa in fotografskega izumitelja Janeza Puharja. <a title=\"Janez Puhar\" href=\"http:\/\/www.gorenjski-muzej.si\/?p=3649\" target=\"_blank\">http:\/\/www.gorenjski-muzej.si\/<wbr \/>?p=3649<\/a><\/p><div class=\"slideshow\"><div id=\"ngg_slideshow25131541\" class=\"ngg-slideshow owl-carousel\" style=\"max-width: px; max-height: px;\"><img data-recalc-dims=\"1\" decoding=\"async\" src=\"https:\/\/i0.wp.com\/www.kdfjm.si\/wp-content\/gallery\/odprtje-razstave-v-kranju\/KranjOdprtjeCameraObscuraVelikankaKDFJM2014-6704.jpg?ssl=1\" alt=\"KranjOdprtjeCameraObscuraVelikankaKDFJM2014-6704\" style=\"max-width: px; max-height: px; width: auto; height:auto; margin:auto\"><img data-recalc-dims=\"1\" decoding=\"async\" src=\"https:\/\/i0.wp.com\/www.kdfjm.si\/wp-content\/gallery\/odprtje-razstave-v-kranju\/KranjOdprtjeCameraObscuraVelikankaKDFJM2014-6705.jpg?ssl=1\" alt=\"KranjOdprtjeCameraObscuraVelikankaKDFJM2014-6705\" style=\"max-width: px; max-height: px; width: auto; height:auto; margin:auto\"><img data-recalc-dims=\"1\" decoding=\"async\" src=\"https:\/\/i0.wp.com\/www.kdfjm.si\/wp-content\/gallery\/odprtje-razstave-v-kranju\/KranjOdprtjeCameraObscuraVelikankaKDFJM2014-6707.jpg?ssl=1\" alt=\"KranjOdprtjeCameraObscuraVelikankaKDFJM2014-6707\" style=\"max-width: px; max-height: px; width: auto; height:auto; margin:auto\"><img data-recalc-dims=\"1\" decoding=\"async\" src=\"https:\/\/i0.wp.com\/www.kdfjm.si\/wp-content\/gallery\/odprtje-razstave-v-kranju\/KranjOdprtjeCameraObscuraVelikankaKDFJM2014-6715.jpg?ssl=1\" alt=\"KranjOdprtjeCameraObscuraVelikankaKDFJM2014-6715\" style=\"max-width: px; max-height: px; width: auto; height:auto; margin:auto\"><img data-recalc-dims=\"1\" decoding=\"async\" src=\"https:\/\/i0.wp.com\/www.kdfjm.si\/wp-content\/gallery\/odprtje-razstave-v-kranju\/KranjOdprtjeCameraObscuraVelikankaKDFJM2014-6720.jpg?ssl=1\" alt=\"KranjOdprtjeCameraObscuraVelikankaKDFJM2014-6720\" style=\"max-width: px; max-height: px; width: auto; height:auto; margin:auto\"><img data-recalc-dims=\"1\" decoding=\"async\" src=\"https:\/\/i0.wp.com\/www.kdfjm.si\/wp-content\/gallery\/odprtje-razstave-v-kranju\/KranjOdprtjeCameraObscuraVelikankaKDFJM2014-6722.jpg?ssl=1\" alt=\"KranjOdprtjeCameraObscuraVelikankaKDFJM2014-6722\" style=\"max-width: px; max-height: px; width: auto; height:auto; margin:auto\"><img data-recalc-dims=\"1\" decoding=\"async\" src=\"https:\/\/i0.wp.com\/www.kdfjm.si\/wp-content\/gallery\/odprtje-razstave-v-kranju\/KranjOdprtjeCameraObscuraVelikankaKDFJM2014-6725.jpg?ssl=1\" alt=\"KranjOdprtjeCameraObscuraVelikankaKDFJM2014-6725\" style=\"max-width: px; max-height: px; width: auto; height:auto; margin:auto\"><img data-recalc-dims=\"1\" decoding=\"async\" src=\"https:\/\/i0.wp.com\/www.kdfjm.si\/wp-content\/gallery\/odprtje-razstave-v-kranju\/KranjOdprtjeCameraObscuraVelikankaKDFJM2014-6728.jpg?ssl=1\" alt=\"KranjOdprtjeCameraObscuraVelikankaKDFJM2014-6728\" style=\"max-width: px; max-height: px; width: auto; height:auto; margin:auto\"><img data-recalc-dims=\"1\" decoding=\"async\" src=\"https:\/\/i0.wp.com\/www.kdfjm.si\/wp-content\/gallery\/odprtje-razstave-v-kranju\/KranjOdprtjeCameraObscuraVelikankaKDFJM2014-6729.jpg?ssl=1\" alt=\"KranjOdprtjeCameraObscuraVelikankaKDFJM2014-6729\" style=\"max-width: px; max-height: px; width: auto; height:auto; margin:auto\"><img data-recalc-dims=\"1\" decoding=\"async\" src=\"https:\/\/i0.wp.com\/www.kdfjm.si\/wp-content\/gallery\/odprtje-razstave-v-kranju\/KranjOdprtjeCameraObscuraVelikankaKDFJM2014-6730.jpg?ssl=1\" alt=\"KranjOdprtjeCameraObscuraVelikankaKDFJM2014-6730\" style=\"max-width: px; max-height: px; width: auto; height:auto; margin:auto\"><img data-recalc-dims=\"1\" decoding=\"async\" src=\"https:\/\/i0.wp.com\/www.kdfjm.si\/wp-content\/gallery\/odprtje-razstave-v-kranju\/KranjOdprtjeCameraObscuraVelikankaKDFJM2014-6736.jpg?ssl=1\" alt=\"KranjOdprtjeCameraObscuraVelikankaKDFJM2014-6736\" style=\"max-width: px; max-height: px; width: auto; height:auto; margin:auto\"><img data-recalc-dims=\"1\" decoding=\"async\" src=\"https:\/\/i0.wp.com\/www.kdfjm.si\/wp-content\/gallery\/odprtje-razstave-v-kranju\/KranjOdprtjeCameraObscuraVelikankaKDFJM2014-6741.jpg?ssl=1\" alt=\"KranjOdprtjeCameraObscuraVelikankaKDFJM2014-6741\" style=\"max-width: px; max-height: px; width: auto; height:auto; margin:auto\"><\/div><\/div>\n\n<script type=\"text\/javascript\">jQuery(document).ready(function($) {\r\n\t\t\tvar owl = $('#ngg_slideshow25131541');\r\n\t\t\towl.owlCarousel({\r\n\t\t\t\titems: 1,\r\n\t\t\t\tautoHeight: false,\r\n\t            dots: true,\r\n\t            autoplay: true,\r\n\t\t\t\tautoplayTimeout: 3000,\r\n\t\t\t\tautoplayHoverPause: true,\r\n\t\t\t\tanimateIn: 'fadeIn',\r\n\t\t\t\tanimateOut: 'fadeOut',\r\n\t\t\t\tloop: true,\r\n\t\t\t\tmouseDrag: true,\r\n\t\t\t\ttouchDrag: true\r\n\t\t\t});\nowl.click( function () {\r\n                    owl.trigger( 'next.owl.carousel' );\r\n                } );});\n<\/script>","protected":false},"excerpt":{"rendered":"<p>Kulturno dru\u0161tvo Franca Jelov\u0161ka Menge\u0161 in Gorenjski Muzej sta v Galeriji Pre\u0161ernove hi\u0161e v Kranju odprla razstavo ob dvestoletnici rojstva prvega slovenskega fotografa in fotografskega izumitelja Janeza Puharja. http:\/\/www.gorenjski-muzej.si\/?p=3649<\/p>\n","protected":false},"author":4,"featured_media":0,"parent":606,"menu_order":0,"comment_status":"closed","ping_status":"open","template":"","meta":{"footnotes":""},"class_list":["post-3154","page","type-page","status-publish","hentry"],"jetpack_sharing_enabled":true,"jetpack_shortlink":"https:\/\/wp.me\/P73nhm-OS","jetpack-related-posts":[],"_links":{"self":[{"href":"https:\/\/www.kdfjm.si\/index.php?rest_route=\/wp\/v2\/pages\/3154","targetHints":{"allow":["GET"]}}],"collection":[{"href":"https:\/\/www.kdfjm.si\/index.php?rest_route=\/wp\/v2\/pages"}],"about":[{"href":"https:\/\/www.kdfjm.si\/index.php?rest_route=\/wp\/v2\/types\/page"}],"author":[{"embeddable":true,"href":"https:\/\/www.kdfjm.si\/index.php?rest_route=\/wp\/v2\/users\/4"}],"replies":[{"embeddable":true,"href":"https:\/\/www.kdfjm.si\/index.php?rest_route=%2Fwp%2Fv2%2Fcomments&post=3154"}],"version-history":[{"count":4,"href":"https:\/\/www.kdfjm.si\/index.php?rest_route=\/wp\/v2\/pages\/3154\/revisions"}],"predecessor-version":[{"id":3158,"href":"https:\/\/www.kdfjm.si\/index.php?rest_route=\/wp\/v2\/pages\/3154\/revisions\/3158"}],"up":[{"embeddable":true,"href":"https:\/\/www.kdfjm.si\/index.php?rest_route=\/wp\/v2\/pages\/606"}],"wp:attachment":[{"href":"https:\/\/www.kdfjm.si\/index.php?rest_route=%2Fwp%2Fv2%2Fmedia&parent=3154"}],"curies":[{"name":"wp","href":"https:\/\/api.w.org\/{rel}","templated":true}]}}