{"id":312,"date":"2008-12-26T22:23:29","date_gmt":"2008-12-26T20:23:29","guid":{"rendered":"http:\/\/www.kdfjm.si\/?page_id=312"},"modified":"2015-10-11T21:29:47","modified_gmt":"2015-10-11T20:29:47","slug":"knjigovestvo","status":"publish","type":"page","link":"https:\/\/www.kdfjm.si\/?page_id=312","title":{"rendered":"Knjigove\u0161tvo"},"content":{"rendered":"<p>Likovna delavnica Knjigove\u0161tvo, ki jo je vodila Minna Zupan, je bila 13. decembra 2008 med 9. in 14. uro v dru\u0161tvenih prostorih na Slovenski cesti 30 v Meng\u0161u.<\/p>\n<p><strong><div class=\"slideshow\"><div id=\"ngg_slideshow333121\" class=\"ngg-slideshow owl-carousel\" style=\"max-width: px; max-height: px;\"><img data-recalc-dims=\"1\" decoding=\"async\" src=\"https:\/\/i0.wp.com\/www.kdfjm.si\/wp-content\/gallery\/knjigovestvo-2008\/20081213-likovnedelavniceKDFJM2008-8680.jpg?ssl=1\" alt=\"20081213-likovnedelavniceKDFJM2008-8680.jpg\" style=\"max-width: px; max-height: px; width: auto; height:auto; margin:auto\"><img data-recalc-dims=\"1\" decoding=\"async\" src=\"https:\/\/i0.wp.com\/www.kdfjm.si\/wp-content\/gallery\/knjigovestvo-2008\/20081213-likovnedelavniceKDFJM2008-8683.jpg?ssl=1\" alt=\"20081213-likovnedelavniceKDFJM2008-8683.jpg\" style=\"max-width: px; max-height: px; width: auto; height:auto; margin:auto\"><img data-recalc-dims=\"1\" decoding=\"async\" src=\"https:\/\/i0.wp.com\/www.kdfjm.si\/wp-content\/gallery\/knjigovestvo-2008\/20081213-likovnedelavniceKDFJM2008-8685.jpg?ssl=1\" alt=\"20081213-likovnedelavniceKDFJM2008-8685.jpg\" style=\"max-width: px; max-height: px; width: auto; height:auto; margin:auto\"><img data-recalc-dims=\"1\" decoding=\"async\" src=\"https:\/\/i0.wp.com\/www.kdfjm.si\/wp-content\/gallery\/knjigovestvo-2008\/20081213-likovnedelavniceKDFJM2008-8692.jpg?ssl=1\" alt=\"20081213-likovnedelavniceKDFJM2008-8692.jpg\" style=\"max-width: px; max-height: px; width: auto; height:auto; margin:auto\"><img data-recalc-dims=\"1\" decoding=\"async\" src=\"https:\/\/i0.wp.com\/www.kdfjm.si\/wp-content\/gallery\/knjigovestvo-2008\/20081213-likovnedelavniceKDFJM2008-8695.jpg?ssl=1\" alt=\"20081213-likovnedelavniceKDFJM2008-8695.jpg\" style=\"max-width: px; max-height: px; width: auto; height:auto; margin:auto\"><img data-recalc-dims=\"1\" decoding=\"async\" src=\"https:\/\/i0.wp.com\/www.kdfjm.si\/wp-content\/gallery\/knjigovestvo-2008\/20081213-likovnedelavniceKDFJM2008-8701.jpg?ssl=1\" alt=\"20081213-likovnedelavniceKDFJM2008-8701.jpg\" style=\"max-width: px; max-height: px; width: auto; height:auto; margin:auto\"><img data-recalc-dims=\"1\" decoding=\"async\" src=\"https:\/\/i0.wp.com\/www.kdfjm.si\/wp-content\/gallery\/knjigovestvo-2008\/20081213-likovnedelavniceKDFJM2008-8702.jpg?ssl=1\" alt=\"20081213-likovnedelavniceKDFJM2008-8702.jpg\" style=\"max-width: px; max-height: px; width: auto; height:auto; margin:auto\"><img data-recalc-dims=\"1\" decoding=\"async\" src=\"https:\/\/i0.wp.com\/www.kdfjm.si\/wp-content\/gallery\/knjigovestvo-2008\/20081213-likovnedelavniceKDFJM2008-8705.jpg?ssl=1\" alt=\"20081213-likovnedelavniceKDFJM2008-8705.jpg\" style=\"max-width: px; max-height: px; width: auto; height:auto; margin:auto\"><img data-recalc-dims=\"1\" decoding=\"async\" src=\"https:\/\/i0.wp.com\/www.kdfjm.si\/wp-content\/gallery\/knjigovestvo-2008\/20081213-likovnedelavniceKDFJM2008-8707.jpg?ssl=1\" alt=\"20081213-likovnedelavniceKDFJM2008-8707.jpg\" style=\"max-width: px; max-height: px; width: auto; height:auto; margin:auto\"><img data-recalc-dims=\"1\" decoding=\"async\" src=\"https:\/\/i0.wp.com\/www.kdfjm.si\/wp-content\/gallery\/knjigovestvo-2008\/20081213-likovnedelavniceKDFJM2008-8708.jpg?ssl=1\" alt=\"20081213-likovnedelavniceKDFJM2008-8708.jpg\" style=\"max-width: px; max-height: px; width: auto; height:auto; margin:auto\"><img data-recalc-dims=\"1\" decoding=\"async\" src=\"https:\/\/i0.wp.com\/www.kdfjm.si\/wp-content\/gallery\/knjigovestvo-2008\/20081213-likovnedelavniceKDFJM2008-8712.jpg?ssl=1\" alt=\"20081213-likovnedelavniceKDFJM2008-8712.jpg\" style=\"max-width: px; max-height: px; width: auto; height:auto; margin:auto\"><img data-recalc-dims=\"1\" decoding=\"async\" src=\"https:\/\/i0.wp.com\/www.kdfjm.si\/wp-content\/gallery\/knjigovestvo-2008\/20081213-likovnedelavniceKDFJM2008-8713.jpg?ssl=1\" alt=\"20081213-likovnedelavniceKDFJM2008-8713.jpg\" style=\"max-width: px; max-height: px; width: auto; height:auto; margin:auto\"><img data-recalc-dims=\"1\" decoding=\"async\" src=\"https:\/\/i0.wp.com\/www.kdfjm.si\/wp-content\/gallery\/knjigovestvo-2008\/20081213-likovnedelavniceKDFJM2008-8714.jpg?ssl=1\" alt=\"20081213-likovnedelavniceKDFJM2008-8714.jpg\" style=\"max-width: px; max-height: px; width: auto; height:auto; margin:auto\"><img data-recalc-dims=\"1\" decoding=\"async\" src=\"https:\/\/i0.wp.com\/www.kdfjm.si\/wp-content\/gallery\/knjigovestvo-2008\/20081213-likovnedelavniceKDFJM2008-8717.jpg?ssl=1\" alt=\"20081213-likovnedelavniceKDFJM2008-8717.jpg\" style=\"max-width: px; max-height: px; width: auto; height:auto; margin:auto\"><img data-recalc-dims=\"1\" decoding=\"async\" src=\"https:\/\/i0.wp.com\/www.kdfjm.si\/wp-content\/gallery\/knjigovestvo-2008\/20081213-likovnedelavniceKDFJM2008-8718.jpg?ssl=1\" alt=\"20081213-likovnedelavniceKDFJM2008-8718.jpg\" style=\"max-width: px; max-height: px; width: auto; height:auto; margin:auto\"><img data-recalc-dims=\"1\" decoding=\"async\" src=\"https:\/\/i0.wp.com\/www.kdfjm.si\/wp-content\/gallery\/knjigovestvo-2008\/20081213-razstavaRopret2008-8724.jpg?ssl=1\" alt=\"20081213-razstavaRopret2008-8724.jpg\" style=\"max-width: px; max-height: px; width: auto; height:auto; margin:auto\"><img data-recalc-dims=\"1\" decoding=\"async\" src=\"https:\/\/i0.wp.com\/www.kdfjm.si\/wp-content\/gallery\/knjigovestvo-2008\/20081213-razstavaRopret2008-8729.jpg?ssl=1\" alt=\"20081213-razstavaRopret2008-8729.jpg\" style=\"max-width: px; max-height: px; width: auto; height:auto; margin:auto\"><img data-recalc-dims=\"1\" decoding=\"async\" src=\"https:\/\/i0.wp.com\/www.kdfjm.si\/wp-content\/gallery\/knjigovestvo-2008\/20081213-razstavaRopret2008-8731.jpg?ssl=1\" alt=\"20081213-razstavaRopret2008-8731.jpg\" style=\"max-width: px; max-height: px; width: auto; height:auto; margin:auto\"><img data-recalc-dims=\"1\" decoding=\"async\" src=\"https:\/\/i0.wp.com\/www.kdfjm.si\/wp-content\/gallery\/knjigovestvo-2008\/20081213-razstavaRopret2008-8735.jpg?ssl=1\" alt=\"20081213-razstavaRopret2008-8735.jpg\" style=\"max-width: px; max-height: px; width: auto; height:auto; margin:auto\"><img data-recalc-dims=\"1\" decoding=\"async\" src=\"https:\/\/i0.wp.com\/www.kdfjm.si\/wp-content\/gallery\/knjigovestvo-2008\/20081213-razstavaRopret2008-8738.jpg?ssl=1\" alt=\"20081213-razstavaRopret2008-8738.jpg\" style=\"max-width: px; max-height: px; width: auto; height:auto; margin:auto\"><img data-recalc-dims=\"1\" decoding=\"async\" src=\"https:\/\/i0.wp.com\/www.kdfjm.si\/wp-content\/gallery\/knjigovestvo-2008\/20081213-razstavaRopret2008-8739.jpg?ssl=1\" alt=\"20081213-razstavaRopret2008-8739.jpg\" style=\"max-width: px; max-height: px; width: auto; height:auto; margin:auto\"><img data-recalc-dims=\"1\" decoding=\"async\" src=\"https:\/\/i0.wp.com\/www.kdfjm.si\/wp-content\/gallery\/knjigovestvo-2008\/20081213-razstavaRopret2008-8743.jpg?ssl=1\" alt=\"20081213-razstavaRopret2008-8743.jpg\" style=\"max-width: px; max-height: px; width: auto; height:auto; margin:auto\"><\/div><\/div>\n\n<script type=\"text\/javascript\">jQuery(document).ready(function($) {\r\n\t\t\tvar owl = $('#ngg_slideshow333121');\r\n\t\t\towl.owlCarousel({\r\n\t\t\t\titems: 1,\r\n\t\t\t\tautoHeight: false,\r\n\t            dots: true,\r\n\t            autoplay: true,\r\n\t\t\t\tautoplayTimeout: 3000,\r\n\t\t\t\tautoplayHoverPause: true,\r\n\t\t\t\tanimateIn: 'fadeIn',\r\n\t\t\t\tanimateOut: 'fadeOut',\r\n\t\t\t\tloop: true,\r\n\t\t\t\tmouseDrag: true,\r\n\t\t\t\ttouchDrag: true\r\n\t\t\t});\nowl.click( function () {\r\n                    owl.trigger( 'next.owl.carousel' );\r\n                } );});\n<\/script><\/strong><\/p>\n","protected":false},"excerpt":{"rendered":"<p>Likovna delavnica Knjigove\u0161tvo, ki jo je vodila Minna Zupan, je bila 13. decembra 2008 med 9. in 14. uro v dru\u0161tvenih prostorih na Slovenski cesti 30 v Meng\u0161u.<\/p>\n","protected":false},"author":2,"featured_media":0,"parent":299,"menu_order":0,"comment_status":"closed","ping_status":"closed","template":"","meta":{"footnotes":""},"class_list":["post-312","page","type-page","status-publish","hentry"],"jetpack_sharing_enabled":true,"jetpack_shortlink":"https:\/\/wp.me\/P73nhm-52","jetpack-related-posts":[],"_links":{"self":[{"href":"https:\/\/www.kdfjm.si\/index.php?rest_route=\/wp\/v2\/pages\/312","targetHints":{"allow":["GET"]}}],"collection":[{"href":"https:\/\/www.kdfjm.si\/index.php?rest_route=\/wp\/v2\/pages"}],"about":[{"href":"https:\/\/www.kdfjm.si\/index.php?rest_route=\/wp\/v2\/types\/page"}],"author":[{"embeddable":true,"href":"https:\/\/www.kdfjm.si\/index.php?rest_route=\/wp\/v2\/users\/2"}],"replies":[{"embeddable":true,"href":"https:\/\/www.kdfjm.si\/index.php?rest_route=%2Fwp%2Fv2%2Fcomments&post=312"}],"version-history":[{"count":2,"href":"https:\/\/www.kdfjm.si\/index.php?rest_route=\/wp\/v2\/pages\/312\/revisions"}],"predecessor-version":[{"id":3557,"href":"https:\/\/www.kdfjm.si\/index.php?rest_route=\/wp\/v2\/pages\/312\/revisions\/3557"}],"up":[{"embeddable":true,"href":"https:\/\/www.kdfjm.si\/index.php?rest_route=\/wp\/v2\/pages\/299"}],"wp:attachment":[{"href":"https:\/\/www.kdfjm.si\/index.php?rest_route=%2Fwp%2Fv2%2Fmedia&parent=312"}],"curies":[{"name":"wp","href":"https:\/\/api.w.org\/{rel}","templated":true}]}}