{"id":24,"date":"2008-11-05T13:08:53","date_gmt":"2008-11-05T11:08:53","guid":{"rendered":"http:\/\/www.kdfjm.si\/?page_id=24"},"modified":"2015-10-11T21:29:46","modified_gmt":"2015-10-11T20:29:46","slug":"galerijska-dejavnost","status":"publish","type":"page","link":"https:\/\/www.kdfjm.si\/?page_id=24","title":{"rendered":"Galerijska dejavnost"},"content":{"rendered":"<p><span style=\"color: #ffffff;\">.<\/span><\/p>\n<p>Dru\u0161tvo za svojo galerijsko dejavnost uporablja tri galerije:<\/p>\n<p><strong><a href=\"http:\/\/www.kdfjm.si\/?page_id=67\">GALERIJA ME\u017dNARIJA<\/a><\/strong><strong><br \/>\n<\/strong>Trdinov trg 11, 1234 Menge\u0161<\/p>\n<p>Galerija je v me\u017enariji, kjer je stala rojstna hi\u0161a (stara me\u017enarija) velikega slovenskega baro\u010dnega slikarja Franca Jelov\u0161ka.<span style=\"color: #ffffff;\">.<\/span><\/p>\n<p><strong><a href=\"http:\/\/www.kdfjm.si\/?page_id=82\">GALERIJA KLET<\/a><\/strong><strong><br \/>\n<\/strong>Slovenska cesta 30, 1234 Menge\u0161<\/p>\n<p><img data-recalc-dims=\"1\" loading=\"lazy\" decoding=\"async\" data-attachment-id=\"565\" data-permalink=\"https:\/\/www.kdfjm.si\/?attachment_id=565\" data-orig-file=\"https:\/\/i0.wp.com\/www.kdfjm.si\/wp-content\/uploads\/2008\/11\/logogalerijakletcrnmalaweb.jpg?fit=170%2C90&amp;ssl=1\" data-orig-size=\"170,90\" data-comments-opened=\"1\" data-image-meta=\"{&quot;aperture&quot;:&quot;0&quot;,&quot;credit&quot;:&quot;&quot;,&quot;camera&quot;:&quot;&quot;,&quot;caption&quot;:&quot;&quot;,&quot;created_timestamp&quot;:&quot;0&quot;,&quot;copyright&quot;:&quot;&quot;,&quot;focal_length&quot;:&quot;0&quot;,&quot;iso&quot;:&quot;0&quot;,&quot;shutter_speed&quot;:&quot;0&quot;,&quot;title&quot;:&quot;&quot;}\" data-image-title=\"logogalerijakletcrnmalaweb\" data-image-description=\"\" data-image-caption=\"\" data-large-file=\"https:\/\/i0.wp.com\/www.kdfjm.si\/wp-content\/uploads\/2008\/11\/logogalerijakletcrnmalaweb.jpg?fit=170%2C90&amp;ssl=1\" class=\"alignnone size-full wp-image-565\" title=\"logogalerijakletcrnmalaweb\" src=\"https:\/\/i0.wp.com\/www.kdfjm.si\/wp-content\/uploads\/2008\/11\/logogalerijakletcrnmalaweb.jpg?resize=170%2C90\" alt=\"logogalerijakletcrnmalaweb\" width=\"170\" height=\"90\" \/><\/p>\n<p>Galerija je v kleti starega prosvetnega doma, kjer ima dru\u0161tvu danes tudi svoj sede\u017e.<span style=\"color: #ffffff;\">.<\/span><\/p>\n<p><a href=\"http:\/\/www.kdfjm.si\/?page_id=448\"><strong>GALERIJA CIKCAK<\/strong><\/a><strong><br \/>\n<\/strong>Trdinov trg\u00a0 4, 1234 Menge\u0161<\/p>\n<p><img data-recalc-dims=\"1\" loading=\"lazy\" decoding=\"async\" data-attachment-id=\"458\" data-permalink=\"https:\/\/www.kdfjm.si\/?attachment_id=458\" data-orig-file=\"https:\/\/i0.wp.com\/www.kdfjm.si\/wp-content\/uploads\/2008\/11\/webcikcak.jpg?fit=484%2C106&amp;ssl=1\" data-orig-size=\"484,106\" data-comments-opened=\"1\" data-image-meta=\"{&quot;aperture&quot;:&quot;0&quot;,&quot;credit&quot;:&quot;&quot;,&quot;camera&quot;:&quot;&quot;,&quot;caption&quot;:&quot;&quot;,&quot;created_timestamp&quot;:&quot;0&quot;,&quot;copyright&quot;:&quot;&quot;,&quot;focal_length&quot;:&quot;0&quot;,&quot;iso&quot;:&quot;0&quot;,&quot;shutter_speed&quot;:&quot;0&quot;,&quot;title&quot;:&quot;&quot;}\" data-image-title=\"webcikcak\" data-image-description=\"&lt;p&gt;Galerija CikCak&lt;\/p&gt;\n\" data-image-caption=\"\" data-large-file=\"https:\/\/i0.wp.com\/www.kdfjm.si\/wp-content\/uploads\/2008\/11\/webcikcak.jpg?fit=484%2C106&amp;ssl=1\" class=\"alignnone size-medium wp-image-458\" title=\"webcikcak\" src=\"https:\/\/i0.wp.com\/www.kdfjm.si\/wp-content\/uploads\/2008\/11\/webcikcak-300x65.jpg?resize=300%2C65\" alt=\"webcikcak\" width=\"300\" height=\"65\" srcset=\"https:\/\/i0.wp.com\/www.kdfjm.si\/wp-content\/uploads\/2008\/11\/webcikcak.jpg?resize=300%2C65&amp;ssl=1 300w, https:\/\/i0.wp.com\/www.kdfjm.si\/wp-content\/uploads\/2008\/11\/webcikcak.jpg?w=484&amp;ssl=1 484w\" sizes=\"auto, (max-width: 300px) 100vw, 300px\" \/><\/p>\n<p>Galerija CikCak je v Meng\u0161u in \u0161ir\u0161i okolici prva galerija na prostem. Kulturno dru\u0161tvo Franca Jelov\u0161ka Menge\u0161 tako umetnosti odpira pot in pogled ves \u010das vsak dan.<\/p>\n<p>Dru\u0161tvo upravlja tudi s stalno razstavo mozaikov na prostem v galeriji, ki smo jo poimenovali <a href=\"http:\/\/www.kdfjm.si\/?page_id=166\"><strong>GALERIJA MENGE\u0160<\/strong><\/a>.<\/p>\n<p><span style=\"color: #ffffff;\">.<\/span><\/p>\n<p><strong>Osebi za stike: <\/strong><em>Janez \u0160krlep<\/em>, Trubarjeva ulica 5, 1234 Menge\u0161, tel. 031 395 719,<em> Peter \u0160krlep<\/em>, Liparjeva cesta 7, 1234 Menge\u0161, tel. 031 887 125<\/p>\n","protected":false},"excerpt":{"rendered":"<p>. Dru\u0161tvo za svojo galerijsko dejavnost uporablja tri galerije: GALERIJA ME\u017dNARIJA Trdinov trg 11, 1234 Menge\u0161 Galerija je v me\u017enariji, kjer je stala rojstna hi\u0161a (stara me\u017enarija) velikega slovenskega baro\u010dnega slikarja Franca Jelov\u0161ka.. GALERIJA KLET Slovenska cesta 30, 1234 Menge\u0161 Galerija je v kleti starega prosvetnega doma, kjer ima dru\u0161tvu danes tudi svoj sede\u017e.. GALERIJA [&hellip;]<\/p>\n","protected":false},"author":2,"featured_media":0,"parent":22,"menu_order":0,"comment_status":"closed","ping_status":"closed","template":"","meta":{"footnotes":""},"class_list":["post-24","page","type-page","status-publish","hentry"],"jetpack_sharing_enabled":true,"jetpack_shortlink":"https:\/\/wp.me\/P73nhm-o","jetpack-related-posts":[],"_links":{"self":[{"href":"https:\/\/www.kdfjm.si\/index.php?rest_route=\/wp\/v2\/pages\/24","targetHints":{"allow":["GET"]}}],"collection":[{"href":"https:\/\/www.kdfjm.si\/index.php?rest_route=\/wp\/v2\/pages"}],"about":[{"href":"https:\/\/www.kdfjm.si\/index.php?rest_route=\/wp\/v2\/types\/page"}],"author":[{"embeddable":true,"href":"https:\/\/www.kdfjm.si\/index.php?rest_route=\/wp\/v2\/users\/2"}],"replies":[{"embeddable":true,"href":"https:\/\/www.kdfjm.si\/index.php?rest_route=%2Fwp%2Fv2%2Fcomments&post=24"}],"version-history":[{"count":31,"href":"https:\/\/www.kdfjm.si\/index.php?rest_route=\/wp\/v2\/pages\/24\/revisions"}],"predecessor-version":[{"id":3192,"href":"https:\/\/www.kdfjm.si\/index.php?rest_route=\/wp\/v2\/pages\/24\/revisions\/3192"}],"up":[{"embeddable":true,"href":"https:\/\/www.kdfjm.si\/index.php?rest_route=\/wp\/v2\/pages\/22"}],"wp:attachment":[{"href":"https:\/\/www.kdfjm.si\/index.php?rest_route=%2Fwp%2Fv2%2Fmedia&parent=24"}],"curies":[{"name":"wp","href":"https:\/\/api.w.org\/{rel}","templated":true}]}}