{"id":239,"date":"2008-12-15T21:46:29","date_gmt":"2008-12-15T19:46:29","guid":{"rendered":"http:\/\/www.kdfjm.si\/?page_id=239"},"modified":"2015-10-11T21:29:23","modified_gmt":"2015-10-11T20:29:23","slug":"lojze-kalinsek-svoboden-kot-ptica","status":"publish","type":"page","link":"https:\/\/www.kdfjm.si\/?page_id=239","title":{"rendered":"Lojze Kalin\u0161ek \u2013 Svoboden kot ptica"},"content":{"rendered":"<div class=\"slideshow\"><div id=\"ngg_slideshow212391\" class=\"ngg-slideshow owl-carousel\" style=\"max-width: px; max-height: px;\"><img data-recalc-dims=\"1\" decoding=\"async\" src=\"https:\/\/i0.wp.com\/www.kdfjm.si\/wp-content\/gallery\/2006kalinsek\/vabilo_kalinsek_page_2_image_0004.jpg?ssl=1\" alt=\"vabilo_kalinsek_page_2_image_0004.jpg\" style=\"max-width: px; max-height: px; width: auto; height:auto; margin:auto\"><img data-recalc-dims=\"1\" decoding=\"async\" src=\"https:\/\/i0.wp.com\/www.kdfjm.si\/wp-content\/gallery\/2006kalinsek\/vabilo_kalinsek_page_2_image_0003.jpg?ssl=1\" alt=\"vabilo_kalinsek_page_2_image_0003.jpg\" style=\"max-width: px; max-height: px; width: auto; height:auto; margin:auto\"><img data-recalc-dims=\"1\" decoding=\"async\" src=\"https:\/\/i0.wp.com\/www.kdfjm.si\/wp-content\/gallery\/2006kalinsek\/vabilo_kalinsek_page_2_image_0002.jpg?ssl=1\" alt=\"vabilo_kalinsek_page_2_image_0002.jpg\" style=\"max-width: px; max-height: px; width: auto; height:auto; margin:auto\"><img data-recalc-dims=\"1\" decoding=\"async\" src=\"https:\/\/i0.wp.com\/www.kdfjm.si\/wp-content\/gallery\/2006kalinsek\/vabilo_kalinsek_page_2_image_0001.jpg?ssl=1\" alt=\"vabilo_kalinsek_page_2_image_0001.jpg\" style=\"max-width: px; max-height: px; width: auto; height:auto; margin:auto\"><img data-recalc-dims=\"1\" decoding=\"async\" src=\"https:\/\/i0.wp.com\/www.kdfjm.si\/wp-content\/gallery\/2006kalinsek\/vabilo_kalinsek_page_1_image_0002.jpg?ssl=1\" alt=\"vabilo_kalinsek_page_1_image_0002.jpg\" style=\"max-width: px; max-height: px; width: auto; height:auto; margin:auto\"><\/div><\/div>\n\n<script type=\"text\/javascript\">jQuery(document).ready(function($) {\r\n\t\t\tvar owl = $('#ngg_slideshow212391');\r\n\t\t\towl.owlCarousel({\r\n\t\t\t\titems: 1,\r\n\t\t\t\tautoHeight: false,\r\n\t            dots: true,\r\n\t            autoplay: true,\r\n\t\t\t\tautoplayTimeout: 3000,\r\n\t\t\t\tautoplayHoverPause: true,\r\n\t\t\t\tanimateIn: 'fadeIn',\r\n\t\t\t\tanimateOut: 'fadeOut',\r\n\t\t\t\tloop: true,\r\n\t\t\t\tmouseDrag: true,\r\n\t\t\t\ttouchDrag: true\r\n\t\t\t});\nowl.click( function () {\r\n                    owl.trigger( 'next.owl.carousel' );\r\n                } );});\n<\/script><p>&#8221; &#8230; nagrajeni smo z lepoto, \u010de le v tem nemirnem morju nismo slepi zanjo.&#8221; (Lojze Kalin\u0161ek)<\/p>\n<p><strong>Svoboden kot ptica<\/strong><\/p>\n<p><strong><span style=\"font-weight: normal;\">V dana\u0161nji, sodobni slovenski umetnosti, ki ob \u0161tevilnih galerijah, \u0161olah in dru\u0161tvih, nima skupnega dejavnega sredi\u0161\u010da in je zato celo v manj\u0161em obsegu na enem mestu ni mogo\u010de videti, si je slikar Lojze Kalin\u0161ek v nastali \u00bbupravni\u00ab razdrobljenosti likovnega \u017eivljenja, ugled in ime utrdil med kamni\u0161kimi umetniki. Kot pravi profesionalec deluje Kalin\u0161ek na \u0161irokem likovnem podro\u010dju, saj mu \u0161tudijska poglobljenost v svet fotografije odpira \u0161e dodatne mo\u017enosti umetni\u0161kega ustvarjanja.<\/span><\/strong><\/p>\n<p><strong><span style=\"font-weight: normal;\">Slikar Lojze Kalin\u0161ek je v svojem, z razstavami dokumentiranem petindvajsetletnem umetni\u0161kem delovanju, in to ob zahtevnem, a uspe\u0161nem vsakodnevnem pedago\u0161kem delu z mladimi, uspel izoblikovati svoj lasten, likovno zanimiv in z \u017eivljenjem povezani umetni\u0161ki svet. Sestavljen je ve\u010dinoma iz ciklusov, ki se z nizom slik navezujejo na razli\u010dne vsebinske teme in likovna podro\u010dja, od povsemrealisti\u010dno zasnovanih motivov do abstraktnih kompozicij. V duhu sodobnih soo\u010danj umetni\u0161kih likovno raziskovalnih te\u017eenj so Kalin\u0161kove razstave pogosto omejene lahko le na prikaz del nekega kraj\u0161ega \u010dasovnega izseka. s povsem dolo\u010deno in vsebinsko zaokro\u017eeno, v enem ciklusu zajeto tematiko (krajine, figuralne in abstraktne kompozicije, \u00bbObnebje ptic\u00ab &#8211; tako je serijo drobnih intimnih slik poimenoval njegov slikarski kolega, sicer tudi znan slovenski likovni kritik Du\u0161an Lipovec, ciklus \u00bbOdisej\u00ab ali \u017eenski akt kot ena najpriljubljenej\u0161ih tem v slikarstvu novega veka). Ni\u010d manj pa niso zanimive umetnikove predstavitve z ob\u010dasnimi \u0161ir\u0161imi vpogledi v njegovo ustvarjalnost. Ob\u010dutljiv za likovna dogajanja v okolici in na tujem, se slikar prizadevno, a neobremenjeno in z lahkotnostjo, ustvarjalno odziva na razna do\u017eivetja in zelo pogosto tudi na razne sugestivne likovne pobude, ki se mu zdijo vznemirljive in dovolj privla\u010dne, da jih prevzame v svoj likovni svet. Te\u017eko je re\u010di, v \u010dem je v vsej tematski razli\u010dnosti dolo\u010dena in prepoznavna skupna vez, \u0161e posebno ker je slikar zelo svoboden tudi v izdelavi del, v na\u010dinu slikanja glede na. barvni namaz ter efektnost, ki jo s tem dosega. Skupna zna\u010dilnost in odlika slik Lojzeta Kalin\u0161ka je predvsem velika barvna kultura. Njegov barvni svet je prefinjen in ne\u017eno prijeten in zato navidez omejen, v bistvu pa zelo barvit in kljub ekspresionisti\u010dni samovoljnosti umirjeno pisan. Povsem avtorsko je uveljavljena; z rahlo ekspresionisti\u010dno deformacijo tudi stilizacija realnega sveta v mejno obmo\u010dje z abstrakcijo. S presenetljivo spro\u0161\u010denostjo, s svojsko duhovitostjo in humorjem spro\u0161\u010da slikar svojo domi\u0161ljijo pri slikanju\u00a0ciklusa iz starogr\u0161kega mita o \u00bbOdiseju\u00ab, v ciklusu, kjer so tudi posamezne podobe zaklju\u010den in samostojen likovni organizem. V slikah na temo Odisej je \u010dutiti veliko topline Mediterana.<\/span><\/strong><\/p>\n<p><strong><span style=\"font-weight: normal;\">Prav tako nekoliko anti\u010dno, v bistvu pa moderno je ob\u010duten in do\u017eivet niz malih \u017eenskih aktov, tudi izdelanih v s strastjo pre\u017eetem na\u010dinu slikarja Lojzeta Kalin\u0161ka.<\/span><\/strong><\/p>\n<p style=\"text-align: right;\"><strong><span style=\"font-weight: normal;\">dr. Mirko Juter\u0161ek<\/span><\/strong><\/p>\n<p>Kalin\u0161kovo figurativno slikarstvo lahko poimenujemo \u00bbZgodbe, transformirane v \u010disto likovnost\u00ab. Kot slikarski mag za\u010dara ljudi in \u017eivali v \u010dude\u017ena, pravlji\u010dna bitja, porojena iz praspominov, bajk, mitov in subjektivnih do\u017eivetij. Vendar nikoli ne zapade v golo ilustrativnost, kar zgovorno ka\u017ee slikarski ciklus \u00bbPeht in O\u010dakov Triglava\u00ab, kjer je legendo in mit nekoliko ironi\u010dno in karikirano, a nadvse uspe\u0161no likovno preobrazil in spojil z danim okoljem in naravo.<\/p>\n<p>Sredi devetdesetih let je za\u010del nastajati ciklus \u00bbOdisej\u00ab, kjer se je umetnik na zunaj naslonil na Homerja in njegov ep, visoko pesem intelekta, ki je izvor \u010diste \u010dlove\u010dnosti, \u010dlove\u0161kih strasti in \u017eelja, veselja in \u017ealosti, hrepenenja in obupa. Poleg znanih slikarjevih kvalitet veje iz tek slik tudi duh anti\u010dnestarogr\u0161ke kulture, zibelke zahodnoevropske civilizacije, ki je ve\u010den in v nekem smislu univerzalen. V teh delih se pogosto izrisuje simbolna polkro\u017ena tvorba, kot barka, ladja &#8211; gr\u0161ki galion, ki je tudi simbol in prispodoba nenehnemu \u017eivljenjskemu popotovanju, iskanju vrednot in smisla, skratka, \u010dlove\u0161kemu \u017eivljenju samemu. Ob\u010dasna odslikovanja krajin in vedut so nastala predvsem na slikarjevih popotovanjih, likovnih sre\u010danjih in slikarskih delavnicah, ki se jih slikar redno udele\u017euje. V zgodnjih delih je \u0161lo predvsem za mimeti\u010dno in topografsko preslikovanje danega motiva, a \u017ee takrat z nekaterimi zna\u010dilnimi likovnimi nastavki, ki obvladujejo Kalin\u0161kovo slikarstvo \u0161e danes. \u0160e vedno razpoznavne arhitekture ali vedutni pogledi so svojsko simbolno stilizirani, z izku\u0161njami ekspresionisti\u010dnih in kubisti\u010dnih slikarskih praks, oplemeniteni z lastnimi likovnimi izku\u0161njami, s pridihom pristne otro\u0161ke igrivosti, Kleejevske rado\u017eivosti in svojske ironije. Ta specifi\u010dna ironi\u010dnost, pridu\u0161en likovni humor, pa tudi zasanjana igrivost in simbolne usedline praspominov so rde\u010da nit in \u00bbza\u0161\u010ditni znak\u00ab avtorjevega likovnega ustvarjanja.<\/p>\n<p style=\"text-align: right;\">Du\u0161an Lipovec<\/p>\n<p><strong>Lojze Kalin\u0161ek<\/strong>, slikar in likovni pedagog se je rodil leta 1956, leta 1977 pa je diplomiral na Pedago\u0161ki akademiji v Ljubljani. Po kon\u010danem \u0161tudiju se redno udele\u017euje vsakovrstnih likovnih kolonij, simpozijev in sre\u010danj doma in v tujini, kjer si likovni ustvarjalci izmenjujejo mnenja in izku\u0161nje ter v razli\u010dnih naravnih okoljih bogatijo ustvarjalno inspiracijo. Je \u010dlan Dru\u0161tva slovenskih likovnih umetnikov. Ves \u010das svojo likovno dejavnost zdru\u017euje s pedago\u0161kim delom z mladino na menge\u0161ki osnovni \u0161oli, deluje pa tudi kot mentor in umetni\u0161ki vodja kamni\u0161kega likovnega dru\u0161tva.<\/p>\n<p>Ukvarja se tudi s fotografijo in oblikovanjem na grafi\u010dnem in tehni\u010dnem podro\u010dju. V ve\u010d kot 25 letnem ustvarjalnem obdobju ima za seboj pribli\u017eno 30 samostojnih in ve\u010d kot 100 skupinskih razstav svojih likovnih del, poleg Slovenije tudi v Avstriji, Hrva\u0161ki, Nem\u010diji, Mad\u017earski, Tur\u010diji, Romuniji in Moldaviji.<\/p>\n<p><strong>Odprtje prodajne razstave<\/strong> slikje bilo \u00a0v sredo, 11. oktobra 2006, ob 20. uri v Galeriji me\u017enariji na Trdinovem trgu 11 v Meng\u0161u.<\/p>\n<p><strong>Razstava je bila na ogled<\/strong> do 28. oktobra 2006, in to vsakdan med 18. in 20. uro, ob nedeljah in med prazniki pa je bila zaprta.<\/p>\n<p><strong>Razstavo sta omogo\u010dili<\/strong> \u017dupnija Menge\u0161 in Ob\u010dina Menge\u0161.<\/p>\n","protected":false},"excerpt":{"rendered":"<p>&#8221; &#8230; nagrajeni smo z lepoto, \u010de le v tem nemirnem morju nismo slepi zanjo.&#8221; (Lojze Kalin\u0161ek) Svoboden kot ptica V dana\u0161nji, sodobni slovenski umetnosti, ki ob \u0161tevilnih galerijah, \u0161olah in dru\u0161tvih, nima skupnega dejavnega sredi\u0161\u010da in je zato celo v manj\u0161em obsegu na enem mestu ni mogo\u010de videti, si je slikar Lojze Kalin\u0161ek v [&hellip;]<\/p>\n","protected":false},"author":2,"featured_media":0,"parent":67,"menu_order":0,"comment_status":"closed","ping_status":"closed","template":"","meta":{"footnotes":""},"class_list":["post-239","page","type-page","status-publish","hentry"],"jetpack_sharing_enabled":true,"jetpack_shortlink":"https:\/\/wp.me\/P73nhm-3R","jetpack-related-posts":[],"_links":{"self":[{"href":"https:\/\/www.kdfjm.si\/index.php?rest_route=\/wp\/v2\/pages\/239","targetHints":{"allow":["GET"]}}],"collection":[{"href":"https:\/\/www.kdfjm.si\/index.php?rest_route=\/wp\/v2\/pages"}],"about":[{"href":"https:\/\/www.kdfjm.si\/index.php?rest_route=\/wp\/v2\/types\/page"}],"author":[{"embeddable":true,"href":"https:\/\/www.kdfjm.si\/index.php?rest_route=\/wp\/v2\/users\/2"}],"replies":[{"embeddable":true,"href":"https:\/\/www.kdfjm.si\/index.php?rest_route=%2Fwp%2Fv2%2Fcomments&post=239"}],"version-history":[{"count":4,"href":"https:\/\/www.kdfjm.si\/index.php?rest_route=\/wp\/v2\/pages\/239\/revisions"}],"predecessor-version":[{"id":3516,"href":"https:\/\/www.kdfjm.si\/index.php?rest_route=\/wp\/v2\/pages\/239\/revisions\/3516"}],"up":[{"embeddable":true,"href":"https:\/\/www.kdfjm.si\/index.php?rest_route=\/wp\/v2\/pages\/67"}],"wp:attachment":[{"href":"https:\/\/www.kdfjm.si\/index.php?rest_route=%2Fwp%2Fv2%2Fmedia&parent=239"}],"curies":[{"name":"wp","href":"https:\/\/api.w.org\/{rel}","templated":true}]}}