{"id":2167,"date":"2013-04-10T11:02:41","date_gmt":"2013-04-10T10:02:41","guid":{"rendered":"http:\/\/www.kdfjm.si\/?page_id=2167"},"modified":"2015-10-11T21:29:47","modified_gmt":"2015-10-11T20:29:47","slug":"krasenje-svec-2013","status":"publish","type":"page","link":"https:\/\/www.kdfjm.si\/?page_id=2167","title":{"rendered":"Kra\u0161enje sve\u010d 2013"},"content":{"rendered":"<p>Okrasili smo sve\u010de za sve\u010dnico. Likovna delavnica je potekala v petek, 1. februarja 2013 ob 17. uri.<\/p><div class=\"slideshow\"><div id=\"ngg_slideshow21921671\" class=\"ngg-slideshow owl-carousel\" style=\"max-width: px; max-height: px;\"><img data-recalc-dims=\"1\" decoding=\"async\" src=\"https:\/\/i0.wp.com\/www.kdfjm.si\/wp-content\/gallery\/svecnica-2013\/izdelavaSvec2013KDFJM-8647.jpg?ssl=1\" alt=\"izdelavaSvec2013KDFJM-8647\" style=\"max-width: px; max-height: px; width: auto; height:auto; margin:auto\"><img data-recalc-dims=\"1\" decoding=\"async\" src=\"https:\/\/i0.wp.com\/www.kdfjm.si\/wp-content\/gallery\/svecnica-2013\/izdelavaSvec2013KDFJM-8648.jpg?ssl=1\" alt=\"izdelavaSvec2013KDFJM-8648\" style=\"max-width: px; max-height: px; width: auto; height:auto; margin:auto\"><img data-recalc-dims=\"1\" decoding=\"async\" src=\"https:\/\/i0.wp.com\/www.kdfjm.si\/wp-content\/gallery\/svecnica-2013\/izdelavaSvec2013KDFJM-8652.jpg?ssl=1\" alt=\"izdelavaSvec2013KDFJM-8652\" style=\"max-width: px; max-height: px; width: auto; height:auto; margin:auto\"><img data-recalc-dims=\"1\" decoding=\"async\" src=\"https:\/\/i0.wp.com\/www.kdfjm.si\/wp-content\/gallery\/svecnica-2013\/izdelavaSvec2013KDFJM-8656.jpg?ssl=1\" alt=\"izdelavaSvec2013KDFJM-8656\" style=\"max-width: px; max-height: px; width: auto; height:auto; margin:auto\"><img data-recalc-dims=\"1\" decoding=\"async\" src=\"https:\/\/i0.wp.com\/www.kdfjm.si\/wp-content\/gallery\/svecnica-2013\/izdelavaSvec2013KDFJM-8663.jpg?ssl=1\" alt=\"izdelavaSvec2013KDFJM-8663\" style=\"max-width: px; max-height: px; width: auto; height:auto; margin:auto\"><img data-recalc-dims=\"1\" decoding=\"async\" src=\"https:\/\/i0.wp.com\/www.kdfjm.si\/wp-content\/gallery\/svecnica-2013\/izdelavaSvec2013KDFJM-8665.jpg?ssl=1\" alt=\"izdelavaSvec2013KDFJM-8665\" style=\"max-width: px; max-height: px; width: auto; height:auto; margin:auto\"><img data-recalc-dims=\"1\" decoding=\"async\" src=\"https:\/\/i0.wp.com\/www.kdfjm.si\/wp-content\/gallery\/svecnica-2013\/izdelavaSvec2013KDFJM-8667.jpg?ssl=1\" alt=\"izdelavaSvec2013KDFJM-8667\" style=\"max-width: px; max-height: px; width: auto; height:auto; margin:auto\"><img data-recalc-dims=\"1\" decoding=\"async\" src=\"https:\/\/i0.wp.com\/www.kdfjm.si\/wp-content\/gallery\/svecnica-2013\/izdelavaSvec2013KDFJM-8671.jpg?ssl=1\" alt=\"izdelavaSvec2013KDFJM-8671\" style=\"max-width: px; max-height: px; width: auto; height:auto; margin:auto\"><img data-recalc-dims=\"1\" decoding=\"async\" src=\"https:\/\/i0.wp.com\/www.kdfjm.si\/wp-content\/gallery\/svecnica-2013\/izdelavaSvec2013KDFJM-8675.jpg?ssl=1\" alt=\"izdelavaSvec2013KDFJM-8675\" style=\"max-width: px; max-height: px; width: auto; height:auto; margin:auto\"><img data-recalc-dims=\"1\" decoding=\"async\" src=\"https:\/\/i0.wp.com\/www.kdfjm.si\/wp-content\/gallery\/svecnica-2013\/izdelavaSvec2013KDFJM-8679.jpg?ssl=1\" alt=\"izdelavaSvec2013KDFJM-8679\" style=\"max-width: px; max-height: px; width: auto; height:auto; margin:auto\"><img data-recalc-dims=\"1\" decoding=\"async\" src=\"https:\/\/i0.wp.com\/www.kdfjm.si\/wp-content\/gallery\/svecnica-2013\/izdelavaSvec2013KDFJM-8681.jpg?ssl=1\" alt=\"izdelavaSvec2013KDFJM-8681\" style=\"max-width: px; max-height: px; width: auto; height:auto; margin:auto\"><img data-recalc-dims=\"1\" decoding=\"async\" src=\"https:\/\/i0.wp.com\/www.kdfjm.si\/wp-content\/gallery\/svecnica-2013\/izdelavaSvec2013KDFJM-8682.jpg?ssl=1\" alt=\"izdelavaSvec2013KDFJM-8682\" style=\"max-width: px; max-height: px; width: auto; height:auto; margin:auto\"><\/div><\/div>\n\n<script type=\"text\/javascript\">jQuery(document).ready(function($) {\r\n\t\t\tvar owl = $('#ngg_slideshow21921671');\r\n\t\t\towl.owlCarousel({\r\n\t\t\t\titems: 1,\r\n\t\t\t\tautoHeight: false,\r\n\t            dots: true,\r\n\t            autoplay: true,\r\n\t\t\t\tautoplayTimeout: 3000,\r\n\t\t\t\tautoplayHoverPause: true,\r\n\t\t\t\tanimateIn: 'fadeIn',\r\n\t\t\t\tanimateOut: 'fadeOut',\r\n\t\t\t\tloop: true,\r\n\t\t\t\tmouseDrag: true,\r\n\t\t\t\ttouchDrag: true\r\n\t\t\t});\nowl.click( function () {\r\n                    owl.trigger( 'next.owl.carousel' );\r\n                } );});\n<\/script>","protected":false},"excerpt":{"rendered":"<p>Okrasili smo sve\u010de za sve\u010dnico. Likovna delavnica je potekala v petek, 1. februarja 2013 ob 17. uri.<\/p>\n","protected":false},"author":4,"featured_media":0,"parent":299,"menu_order":0,"comment_status":"closed","ping_status":"open","template":"","meta":{"footnotes":""},"class_list":["post-2167","page","type-page","status-publish","hentry"],"jetpack_sharing_enabled":true,"jetpack_shortlink":"https:\/\/wp.me\/P73nhm-yX","jetpack-related-posts":[],"_links":{"self":[{"href":"https:\/\/www.kdfjm.si\/index.php?rest_route=\/wp\/v2\/pages\/2167","targetHints":{"allow":["GET"]}}],"collection":[{"href":"https:\/\/www.kdfjm.si\/index.php?rest_route=\/wp\/v2\/pages"}],"about":[{"href":"https:\/\/www.kdfjm.si\/index.php?rest_route=\/wp\/v2\/types\/page"}],"author":[{"embeddable":true,"href":"https:\/\/www.kdfjm.si\/index.php?rest_route=\/wp\/v2\/users\/4"}],"replies":[{"embeddable":true,"href":"https:\/\/www.kdfjm.si\/index.php?rest_route=%2Fwp%2Fv2%2Fcomments&post=2167"}],"version-history":[{"count":4,"href":"https:\/\/www.kdfjm.si\/index.php?rest_route=\/wp\/v2\/pages\/2167\/revisions"}],"predecessor-version":[{"id":3561,"href":"https:\/\/www.kdfjm.si\/index.php?rest_route=\/wp\/v2\/pages\/2167\/revisions\/3561"}],"up":[{"embeddable":true,"href":"https:\/\/www.kdfjm.si\/index.php?rest_route=\/wp\/v2\/pages\/299"}],"wp:attachment":[{"href":"https:\/\/www.kdfjm.si\/index.php?rest_route=%2Fwp%2Fv2%2Fmedia&parent=2167"}],"curies":[{"name":"wp","href":"https:\/\/api.w.org\/{rel}","templated":true}]}}

Krašenje sveč 2013

<p>Okrasili smo sveče za svečnico. Likovna delavnica je potekala v petek, 1. februarja 2013 ob 17. uri.</p><div class="slideshow"><div id="ngg_slideshow21921671" class="ngg-slideshow owl-carousel" style="max-width: px; max-height: px;"><img data-recalc-dims="1" decoding="async" src="https://i0.wp.com/www.kdfjm.si/wp-content/gallery/svecnica-2013/izdelavaSvec2013KDFJM-8647.jpg?ssl=1" alt="izdelavaSvec2013KDFJM-8647" style="max-width: px; max-height: px; width: auto; height:auto; margin:auto"><img data-recalc-dims="1" decoding="async" src="https://i0.wp.com/www.kdfjm.si/wp-content/gallery/svecnica-2013/izdelavaSvec2013KDFJM-8648.jpg?ssl=1" alt="izdelavaSvec2013KDFJM-8648" style="max-width: px; max-height: px; width: auto; height:auto; margin:auto"><img data-recalc-dims="1" decoding="async" src="https://i0.wp.com/www.kdfjm.si/wp-content/gallery/svecnica-2013/izdelavaSvec2013KDFJM-8652.jpg?ssl=1" alt="izdelavaSvec2013KDFJM-8652" style="max-width: px; max-height: px; width: auto; height:auto; margin:auto"><img data-recalc-dims="1" decoding="async" src="https://i0.wp.com/www.kdfjm.si/wp-content/gallery/svecnica-2013/izdelavaSvec2013KDFJM-8656.jpg?ssl=1" alt="izdelavaSvec2013KDFJM-8656" style="max-width: px; max-height: px; width: auto; height:auto; margin:auto"><img data-recalc-dims="1" decoding="async" src="https://i0.wp.com/www.kdfjm.si/wp-content/gallery/svecnica-2013/izdelavaSvec2013KDFJM-8663.jpg?ssl=1" alt="izdelavaSvec2013KDFJM-8663" style="max-width: px; max-height: px; width: auto; height:auto; margin:auto"><img data-recalc-dims="1" decoding="async" src="https://i0.wp.com/www.kdfjm.si/wp-content/gallery/svecnica-2013/izdelavaSvec2013KDFJM-8665.jpg?ssl=1" alt="izdelavaSvec2013KDFJM-8665" style="max-width: px; max-height: px; width: auto; height:auto; margin:auto"><img data-recalc-dims="1" decoding="async" src="https://i0.wp.com/www.kdfjm.si/wp-content/gallery/svecnica-2013/izdelavaSvec2013KDFJM-8667.jpg?ssl=1" alt="izdelavaSvec2013KDFJM-8667" style="max-width: px; max-height: px; width: auto; height:auto; margin:auto"><img data-recalc-dims="1" decoding="async" src="https://i0.wp.com/www.kdfjm.si/wp-content/gallery/svecnica-2013/izdelavaSvec2013KDFJM-8671.jpg?ssl=1" alt="izdelavaSvec2013KDFJM-8671" style="max-width: px; max-height: px; width: auto; height:auto; margin:auto"><img data-recalc-dims="1" decoding="async" src="https://i0.wp.com/www.kdfjm.si/wp-content/gallery/svecnica-2013/izdelavaSvec2013KDFJM-8675.jpg?ssl=1" alt="izdelavaSvec2013KDFJM-8675" style="max-width: px; max-height: px; width: auto; height:auto; margin:auto"><img data-recalc-dims="1" decoding="async" src="https://i0.wp.com/www.kdfjm.si/wp-content/gallery/svecnica-2013/izdelavaSvec2013KDFJM-8679.jpg?ssl=1" alt="izdelavaSvec2013KDFJM-8679" style="max-width: px; max-height: px; width: auto; height:auto; margin:auto"><img data-recalc-dims="1" decoding="async" src="https://i0.wp.com/www.kdfjm.si/wp-content/gallery/svecnica-2013/izdelavaSvec2013KDFJM-8681.jpg?ssl=1" alt="izdelavaSvec2013KDFJM-8681" style="max-width: px; max-height: px; width: auto; height:auto; margin:auto"><img data-recalc-dims="1" decoding="async" src="https://i0.wp.com/www.kdfjm.si/wp-content/gallery/svecnica-2013/izdelavaSvec2013KDFJM-8682.jpg?ssl=1" alt="izdelavaSvec2013KDFJM-8682" style="max-width: px; max-height: px; width: auto; height:auto; margin:auto"></div></div>

<script type="text/javascript">jQuery(document).ready(function($) {
			var owl = $('#ngg_slideshow21921671');
			owl.owlCarousel({
				items: 1,
				autoHeight: false,
	            dots: true,
	            autoplay: true,
				autoplayTimeout: 3000,
				autoplayHoverPause: true,
				animateIn: 'fadeIn',
				animateOut: 'fadeOut',
				loop: true,
				mouseDrag: true,
				touchDrag: true
			});
owl.click( function () {
                    owl.trigger( 'next.owl.carousel' );
                } );});
</script>

<p>Okrasili smo sveče za svečnico. Likovna delavnica je potekala v petek, 1. februarja 2013 ob 17. uri.</p>
